{"id":137,"date":"2019-09-06T11:50:27","date_gmt":"2019-09-06T11:50:27","guid":{"rendered":"http:\/\/www.aesthetik-team-oldenburg.de\/?page_id=137"},"modified":"2025-10-29T08:41:07","modified_gmt":"2025-10-29T08:41:07","slug":"faltenbehandlung","status":"publish","type":"page","link":"https:\/\/www.aesthetik-team-oldenburg.de\/index.php\/faltenbehandlung\/","title":{"rendered":"Faltenbehandlung"},"content":{"rendered":"<div class=\"wpb-content-wrapper\"><p>[vc_row padding_top=&#8220;0&#8243; padding_bottom=&#8220;0&#8243;][vc_column][vc_column_text]<\/p>\n<h1>Faltenbehandlung<\/h1>\n<p><strong>St\u00f6rende Knitterf\u00e4ltchen und tiefe Mimikfalten, die Sie \u00e4lter erscheinen lassen als Sie sich f\u00fchlen \u2026<\/strong><\/p>\n<p>\u2026 lassen sich mit Hyalurons\u00e4urepr\u00e4paraten und anderen Fillern fach\u00e4rztlich sicher behandeln.<\/p>\n<h2>HYALURONS\u00c4URE<\/h2>\n<p>Filler zur effektiven Auffrischung des Hautbildes, die ausschlie\u00dflich Hyalurons\u00e4ure-Gel enthalten (Belotero, Restylane, Perlane, Juvederm), sind aufgrund ihrer guten Vertr\u00e4glichkeit sehr beliebt. Es sind keine Allergietests erforderlich.[\/vc_column_text][vc_tta_accordion active_section=&#8220;0&#8243; collapsible_all=&#8220;true&#8220;][vc_tta_section title=&#8220;Wie wird Hyalurons\u00e4ure in der Faltenbehandlung angewendet?&#8220; tab_id=&#8220;1547637689326-9e5f4e3f-0e63&#8243;][vc_column_text]Der F\u00fcllstoff, ein kristallklares Gel, wird mit einer sehr feinen Nadel unter die Hautfalten gespritzt. Das Gel verleiht dann nat\u00fcrliches Volumen und gl\u00e4ttet so die Falten. Die h\u00e4ufigsten Behandlungsareale sind Lippenfalten, Mundwinkel, Nasolabialfalten und Stirnfalten. Lippen k\u00f6nnen auch augmentiert, d.h. voller gemacht, werden. Ebenso kann eine Behandlung mit Hyalurons\u00e4ure am Dekolletee erfolgen.[\/vc_column_text][\/vc_tta_section][vc_tta_section title=&#8220;Wie m\u00fcssen Sie sich nach der Faltenbehandlung mit Hyalurons\u00e4ure verhalten?&#8220; tab_id=&#8220;1547637689326-14bd51f6-e893&#8243;][vc_column_text]Die Behandlung erfordert weder vorher noch nachher spezielle Ma\u00dfnahmen. Die Wirkung ist sofort sichtbar. Kurzzeitig kann es, besonders an den Lippen, zu einer vor\u00fcbergehenden Schwellung kommen, die nach K\u00fchlung verschwindet. Die Behandlung mit Hyalurons\u00e4ure kann auch vor besonderen Ereignissen (Ball, Gesch\u00e4ftsessen) kurzfristig angewendet werden. Die behandelten Areale d\u00fcrfen sofort geschminkt werden.[\/vc_column_text][\/vc_tta_section][vc_tta_section title=&#8220;Wirkungsdauer, Risiken und Komplikationen bei Faltenbehandlung mit Hyalurons\u00e4ure:&#8220; tab_id=&#8220;1547637779163-be9ecfd0-cab5&#8243;][vc_column_text]Im Allgemeinen ist eine Nachbehandlung nach sechs bis zw\u00f6lf Monaten erforderlich. Durch Auffrischen der Faltenunterspritzung wird die Wirkungsdauer meistens verl\u00e4ngert, d.h. die Behandlungsintervalle werden gr\u00f6\u00dfer.<\/p>\n<p>Sehr selten (etwa einmal pro 2000 Behandlungen) kann es zu R\u00f6tung, Schwellung und Jucken kommen. Diese St\u00f6rung geht meist spontan vor\u00fcber.[\/vc_column_text][\/vc_tta_section][\/vc_tta_accordion][vc_column_text]<\/p>\n<h2>BEHANDLUNG VON STARKEN MIMIKFALTEN<\/h2>\n<p>St\u00f6rende Stirnfalten sind Folge einer zu h\u00e4ufigen und zu heftigen Anspannung der Muskulatur im Bereich der Augenbrauen und der Stirn. Durch das Einspritzen einer medizinisch bew\u00e4hrten Substanz, die die Muskeln stark schw\u00e4cht, k\u00f6nnen diese nicht mehr zum \u201cRunzeln \u201c, d. h.\u00a0 zum Faltenbilden, gebracht werden. Die Stirn gl\u00e4ttet sich. \u2013 Auf keinen Fall wird die Mimik v\u00f6llig beseitigt!<\/p>\n<p>Neben der Stirnfaltenkorrektur kann mit dieser Methode auch die ganze Stirn behandelt werden, also auch st\u00f6rende Querfalten. Auch die \u201cKr\u00e4henf\u00fc\u00dfchen\u201d im Augenbereich sowie Halsfalten lassen sich sehr gut behandeln, ferner Falten im Mund-, Kinn- und Halsbereich. Das verwendete Mittel ist in der genutzten Dosis aus fach\u00e4rztlicher Sicht unbedenklich.[\/vc_column_text][vc_tta_accordion active_section=&#8220;0&#8243; collapsible_all=&#8220;true&#8220;][vc_tta_section title=&#8220;WIE L\u00c4UFT DIE BEHANDLUNG STARKER MIMIKFALTEN AB?&#8220; tab_id=&#8220;1547637925895-a9235dde-534b&#8220;][vc_column_text]Durch kr\u00e4ftiges Stirnrunzeln werden die zu behandelnden Muskeln angespannt und k\u00f6nnen vom Arzt getastet werden. Mit feinsten Nadeln wird das Medikament eingespritzt. Nur ein leichtes Brennen wird f\u00fcr einen kurzen Moment versp\u00fcrt. Je nach Ausdehnung der Behandlung wird das Mittel an f\u00fcnf bis zehn Stellen injiziert.[\/vc_column_text][\/vc_tta_section][vc_tta_section title=&#8220;WIE M\u00dcSSEN SIE SICH NACH DIESER BEHANDLUNG VERHALTEN?&#8220; tab_id=&#8220;1547637925895-7272c8f5-53ec&#8220;][vc_column_text]Die Behandlung erfordert weder vorher noch nachher spezielle Ma\u00dfnahmen. Die Einstichstellen sollen sechs bis acht Stunden nicht mit Wasser in Ber\u00fchrung kommen und nicht massiert werden. Die Wirkung tritt nach ein bis drei Tagen ein.[\/vc_column_text][\/vc_tta_section][vc_tta_section title=&#8220;WIRKUNGSDAUER, RISIKEN UND KOMPLIKATIONEN DIESER BEHANDLUNG&#8220; tab_id=&#8220;1547637995878-790e0935-c030&#8243;][vc_column_text]Die Wirkung des Medikaments h\u00e4lt f\u00fcr etwa vier bis sechs Monate an. Danach ist eine erneute Behandlung sinnvoll. Manchmal ist eine Auffrischung nach drei bis vier Wochen erforderlich. Bei manchen Patienten (extrem selten) hat das verwendete Mittel gar keine Wirkung.<\/p>\n<p>Allergien gegen das in unserer Praxis zur Behandlung von starken Mimikfalten eingesetzte Medikament \u00a0sind nicht bekannt. Gelegentlich kommt es zu einer geringen Blutergussbildung an den Einstichstellen. Die \u201cGift\u201d-Wirkung des Mittels beginnt \u00fcbrigens erst mit der 100-fachen Menge der gespritzten Dosis. Diesbez\u00fcglich ist dieses Verfahren zur Faltenbehandlung also v\u00f6llig ungef\u00e4hrlich. In einigen seltenen F\u00e4llen kann es zu einem unerw\u00fcnschten Absinken der Augenbrauen kommen oder auch zu einem leichten H\u00e4ngen des Oberlides. Auch diese leichte L\u00e4hmung, die oft von der Umgebung gar nicht wahrgenommen wird, verschwindet wieder.[\/vc_column_text][\/vc_tta_section][\/vc_tta_accordion][\/vc_column][\/vc_row][vc_row][vc_column width=&#8220;1\/2&#8243;]<div class=\"grve-element grve-slogan grve-align-left grve-animated-item grve-fadeInRight\" style=\"\" data-delay=\"600\"><div class=\"grve-subtitle\">Weitere Leistungen<\/div><h2 class=\"grve-slogan-title grve-align-left grve-h2\"><span>Behandlung mit Eigenfett<span class=\"grve-title-line grve-bg-primary-1\" style=\"width: 50px;height: 2px;\"><\/span><\/span><\/h2>  <p class=\"\">Bei tiefen Falten und zum Volumenaufbau bei hageren Gesichtspartien, z. B. eingefallenen Wangen, kann Eigenfett zur nachhaltigen Aufpolsterung genutzt werden. Lesen Sie hier mehr \u00fcber das risikoarme Verfahren.<\/p><div class=\"grve-btn-wrapper\"><a href=\"https:\/\/www.aesthetik-team-oldenburg.de\/index.php\/eigenfettinjektion-lipofilling\/\" class=\"grve-btn grve-btn-medium grve-square grve-bg-primary-1 grve-bg-hover-primary-2\"><span>Mehr Informationen<\/span><\/a><\/div><\/div><div class=\"grve-element grve-slogan grve-align-left grve-animated-item grve-fadeInRight\" style=\"\" data-delay=\"600\"><div class=\"grve-subtitle\">Lippen auff\u00fcllen mit lift edge filling<\/div><h2 class=\"grve-slogan-title grve-align-left grve-h2\"><span>Bitte recht freundlich<span class=\"grve-title-line grve-bg-primary-1\" style=\"width: 50px;height: 2px;\"><\/span><\/span><\/h2>  <p class=\"\">Wer von Natur aus gerade Lippen oder h\u00e4ngende Mundwinkel hat, kann ein noch so freundlicher Mensch sein \u2013 der Gesichtsausdruck wirkt dann oft unfreundlich oder m\u00fcrrisch. Doch das l\u00e4sst sich mit einer gezielten Unterspritzung vom Facharzt \u00e4ndern. W\u00e4hrend traditionelles Lippenf\u00fcllen sich darauf konzentriert, der gesamten Lippe zus\u00e4tzliches Volumen zu verleihen, beeinflusst die Technik des lift edge fillings die Form der Lippen nur minimal, und zwar ohne unerw\u00fcnschtes Gesamt-Volumen, aber verbl\u00fcffend effektiv in der Wirkung. Hierf\u00fcr injizieren wir im Aesthetik Team Oldenburg winzige Mengen Hyaluronf\u00fcllstoffe schr\u00e4g nach oben in die Mundwinkel. Der optische Effekt zeigt sich sofort in einer deutlich freundlicher wirkenden Mundpartie.<\/p><\/div>[\/vc_column][vc_column width=&#8220;1\/2&#8243;]<div class=\"grve-element grve-slogan grve-align-left grve-animated-item grve-fadeInRight\" style=\"\" data-delay=\"600\"><div class=\"grve-subtitle\">Weitere Leistungen<\/div><h2 class=\"grve-slogan-title grve-align-left grve-h2\"><span>Hautvitalisierung mit Eigenblut<span class=\"grve-title-line grve-bg-primary-1\" style=\"width: 50px;height: 2px;\"><\/span><\/span><\/h2>  <p class=\"\">Wenn Sie sich eine schnelle Versch\u00f6nerung und Stimulierung der Haut mit k\u00f6rpereigenem Material w\u00fcnschen, kann ein Plasmalifting die geeignete Methode f\u00fcr Sie sein. PRP bedeutet \u201ePl\u00e4ttchen reiches Plasma\u201c \/ englisch \u201ePlatelet-Rich-Plasma\u201c).<\/p><div class=\"grve-btn-wrapper\"><a href=\"https:\/\/www.aesthetik-team-oldenburg.de\/index.php\/prp-plasmalifting\/\" title=\"PRP Plasmalifting\" class=\"grve-btn grve-btn-medium grve-square grve-bg-primary-1 grve-bg-hover-primary-2\"><span>Mehr Informationen<\/span><\/a><\/div><\/div><div class=\"grve-element grve-slogan grve-align-left grve-animated-item grve-fadeInRight\" style=\"\" data-delay=\"600\"><div class=\"grve-subtitle\">INFO:<\/div><h2 class=\"grve-slogan-title grve-align-left grve-h2\"><span>WAS TUN BEI EXTREM TIEFEN NASOLABIALFALTEN?<span class=\"grve-title-line grve-bg-primary-1\" style=\"width: 50px;height: 2px;\"><\/span><\/span><\/h2>  <p class=\"\">Manchmal lassen sich bei einem sehr ausgepr\u00e4gten Faltenbild mit Hyalurons\u00e4ure oder Botulinumtoxin keine \u00fcberzeugenden Ergebnisse mehr erzielen. Bei sehr tief eingezogenen nasolabialen Falten ist \u2013 besonders bei M\u00e4nnern \u2013 eine operative Faltenausschneidung die effektivste und beste Korrektur! Sprechen Sie uns an. Wir beraten Sie individuell und unverbindlich bez\u00fcglich der f\u00fcr Sie idealen Faltenkorrektur.<\/p><\/div>[\/vc_column][\/vc_row]<\/p>\n<\/div>","protected":false},"excerpt":{"rendered":"<p>[vc_row padding_top=&#8220;0&#8243; padding_bottom=&#8220;0&#8243;][vc_column][vc_column_text] Faltenbehandlung St\u00f6rende Knitterf\u00e4ltchen und tiefe Mimikfalten, die Sie \u00e4lter erscheinen lassen als Sie sich f\u00fchlen \u2026 \u2026 lassen sich mit Hyalurons\u00e4urepr\u00e4paraten und anderen Fillern fach\u00e4rztlich sicher behandeln. HYALURONS\u00c4URE Filler zur effektiven Auffrischung des Hautbildes, die ausschlie\u00dflich Hyalurons\u00e4ure-Gel enthalten (Belotero, Restylane, Perlane, Juvederm), sind aufgrund ihrer guten Vertr\u00e4glichkeit sehr beliebt. Es sind keine [&hellip;]<\/p>\n","protected":false},"author":1,"featured_media":0,"parent":0,"menu_order":0,"comment_status":"closed","ping_status":"closed","template":"","meta":{"footnotes":""},"class_list":["post-137","page","type-page","status-publish","hentry"],"yoast_head":"<!-- This site is optimized with the Yoast SEO plugin v27.4 - https:\/\/yoast.com\/product\/yoast-seo-wordpress\/ -->\n<title>Faltenbehandlung - AESTHETIK TEAM OLDENBURG<\/title>\n<meta name=\"description\" content=\"Faltenbehandlung. Hyalurons\u00e4ure. Botulinumtoxin. Eigenfett. Facharztbehandlung bei Augenfalten sowie Mund-, Kinn- und Halsfalten.\" \/>\n<meta name=\"robots\" content=\"index, follow, max-snippet:-1, max-image-preview:large, max-video-preview:-1\" \/>\n<link rel=\"canonical\" href=\"https:\/\/www.aesthetik-team-oldenburg.de\/index.php\/faltenbehandlung\/\" \/>\n<meta property=\"og:locale\" content=\"de_DE\" \/>\n<meta property=\"og:type\" content=\"article\" \/>\n<meta property=\"og:title\" content=\"Faltenbehandlung - AESTHETIK TEAM OLDENBURG\" \/>\n<meta property=\"og:description\" content=\"Faltenbehandlung. Hyalurons\u00e4ure. Botulinumtoxin. Eigenfett. Facharztbehandlung bei Augenfalten sowie Mund-, Kinn- und Halsfalten.\" \/>\n<meta property=\"og:url\" content=\"https:\/\/www.aesthetik-team-oldenburg.de\/index.php\/faltenbehandlung\/\" \/>\n<meta property=\"og:site_name\" content=\"AESTHETIK TEAM OLDENBURG\" \/>\n<meta property=\"article:modified_time\" content=\"2025-10-29T08:41:07+00:00\" \/>\n<meta name=\"twitter:card\" content=\"summary_large_image\" \/>\n<meta name=\"twitter:label1\" content=\"Gesch\u00e4tzte Lesezeit\" \/>\n\t<meta name=\"twitter:data1\" content=\"5\u00a0Minuten\" \/>\n<script type=\"application\/ld+json\" class=\"yoast-schema-graph\">{\"@context\":\"https:\\\/\\\/schema.org\",\"@graph\":[{\"@type\":\"WebPage\",\"@id\":\"https:\\\/\\\/www.aesthetik-team-oldenburg.de\\\/index.php\\\/faltenbehandlung\\\/\",\"url\":\"https:\\\/\\\/www.aesthetik-team-oldenburg.de\\\/index.php\\\/faltenbehandlung\\\/\",\"name\":\"Faltenbehandlung - AESTHETIK TEAM OLDENBURG\",\"isPartOf\":{\"@id\":\"https:\\\/\\\/www.aesthetik-team-oldenburg.de\\\/#website\"},\"datePublished\":\"2019-09-06T11:50:27+00:00\",\"dateModified\":\"2025-10-29T08:41:07+00:00\",\"description\":\"Faltenbehandlung. Hyalurons\u00e4ure. Botulinumtoxin. Eigenfett. Facharztbehandlung bei Augenfalten sowie Mund-, Kinn- und Halsfalten.\",\"breadcrumb\":{\"@id\":\"https:\\\/\\\/www.aesthetik-team-oldenburg.de\\\/index.php\\\/faltenbehandlung\\\/#breadcrumb\"},\"inLanguage\":\"de\",\"potentialAction\":[{\"@type\":\"ReadAction\",\"target\":[\"https:\\\/\\\/www.aesthetik-team-oldenburg.de\\\/index.php\\\/faltenbehandlung\\\/\"]}]},{\"@type\":\"BreadcrumbList\",\"@id\":\"https:\\\/\\\/www.aesthetik-team-oldenburg.de\\\/index.php\\\/faltenbehandlung\\\/#breadcrumb\",\"itemListElement\":[{\"@type\":\"ListItem\",\"position\":1,\"name\":\"Home\",\"item\":\"https:\\\/\\\/www.aesthetik-team-oldenburg.de\\\/\"},{\"@type\":\"ListItem\",\"position\":2,\"name\":\"Faltenbehandlung\"}]},{\"@type\":\"WebSite\",\"@id\":\"https:\\\/\\\/www.aesthetik-team-oldenburg.de\\\/#website\",\"url\":\"https:\\\/\\\/www.aesthetik-team-oldenburg.de\\\/\",\"name\":\"AESTHETIK TEAM OLDENBURG\",\"description\":\"\u00c4STHETISCHE CHIRURIGE\",\"potentialAction\":[{\"@type\":\"SearchAction\",\"target\":{\"@type\":\"EntryPoint\",\"urlTemplate\":\"https:\\\/\\\/www.aesthetik-team-oldenburg.de\\\/?s={search_term_string}\"},\"query-input\":{\"@type\":\"PropertyValueSpecification\",\"valueRequired\":true,\"valueName\":\"search_term_string\"}}],\"inLanguage\":\"de\"}]}<\/script>\n<!-- \/ Yoast SEO plugin. -->","yoast_head_json":{"title":"Faltenbehandlung - AESTHETIK TEAM OLDENBURG","description":"Faltenbehandlung. Hyalurons\u00e4ure. Botulinumtoxin. Eigenfett. Facharztbehandlung bei Augenfalten sowie Mund-, Kinn- und Halsfalten.","robots":{"index":"index","follow":"follow","max-snippet":"max-snippet:-1","max-image-preview":"max-image-preview:large","max-video-preview":"max-video-preview:-1"},"canonical":"https:\/\/www.aesthetik-team-oldenburg.de\/index.php\/faltenbehandlung\/","og_locale":"de_DE","og_type":"article","og_title":"Faltenbehandlung - AESTHETIK TEAM OLDENBURG","og_description":"Faltenbehandlung. Hyalurons\u00e4ure. Botulinumtoxin. Eigenfett. Facharztbehandlung bei Augenfalten sowie Mund-, Kinn- und Halsfalten.","og_url":"https:\/\/www.aesthetik-team-oldenburg.de\/index.php\/faltenbehandlung\/","og_site_name":"AESTHETIK TEAM OLDENBURG","article_modified_time":"2025-10-29T08:41:07+00:00","twitter_card":"summary_large_image","twitter_misc":{"Gesch\u00e4tzte Lesezeit":"5\u00a0Minuten"},"schema":{"@context":"https:\/\/schema.org","@graph":[{"@type":"WebPage","@id":"https:\/\/www.aesthetik-team-oldenburg.de\/index.php\/faltenbehandlung\/","url":"https:\/\/www.aesthetik-team-oldenburg.de\/index.php\/faltenbehandlung\/","name":"Faltenbehandlung - AESTHETIK TEAM OLDENBURG","isPartOf":{"@id":"https:\/\/www.aesthetik-team-oldenburg.de\/#website"},"datePublished":"2019-09-06T11:50:27+00:00","dateModified":"2025-10-29T08:41:07+00:00","description":"Faltenbehandlung. Hyalurons\u00e4ure. Botulinumtoxin. Eigenfett. Facharztbehandlung bei Augenfalten sowie Mund-, Kinn- und Halsfalten.","breadcrumb":{"@id":"https:\/\/www.aesthetik-team-oldenburg.de\/index.php\/faltenbehandlung\/#breadcrumb"},"inLanguage":"de","potentialAction":[{"@type":"ReadAction","target":["https:\/\/www.aesthetik-team-oldenburg.de\/index.php\/faltenbehandlung\/"]}]},{"@type":"BreadcrumbList","@id":"https:\/\/www.aesthetik-team-oldenburg.de\/index.php\/faltenbehandlung\/#breadcrumb","itemListElement":[{"@type":"ListItem","position":1,"name":"Home","item":"https:\/\/www.aesthetik-team-oldenburg.de\/"},{"@type":"ListItem","position":2,"name":"Faltenbehandlung"}]},{"@type":"WebSite","@id":"https:\/\/www.aesthetik-team-oldenburg.de\/#website","url":"https:\/\/www.aesthetik-team-oldenburg.de\/","name":"AESTHETIK TEAM OLDENBURG","description":"\u00c4STHETISCHE CHIRURIGE","potentialAction":[{"@type":"SearchAction","target":{"@type":"EntryPoint","urlTemplate":"https:\/\/www.aesthetik-team-oldenburg.de\/?s={search_term_string}"},"query-input":{"@type":"PropertyValueSpecification","valueRequired":true,"valueName":"search_term_string"}}],"inLanguage":"de"}]}},"_links":{"self":[{"href":"https:\/\/www.aesthetik-team-oldenburg.de\/index.php\/wp-json\/wp\/v2\/pages\/137","targetHints":{"allow":["GET"]}}],"collection":[{"href":"https:\/\/www.aesthetik-team-oldenburg.de\/index.php\/wp-json\/wp\/v2\/pages"}],"about":[{"href":"https:\/\/www.aesthetik-team-oldenburg.de\/index.php\/wp-json\/wp\/v2\/types\/page"}],"author":[{"embeddable":true,"href":"https:\/\/www.aesthetik-team-oldenburg.de\/index.php\/wp-json\/wp\/v2\/users\/1"}],"replies":[{"embeddable":true,"href":"https:\/\/www.aesthetik-team-oldenburg.de\/index.php\/wp-json\/wp\/v2\/comments?post=137"}],"version-history":[{"count":15,"href":"https:\/\/www.aesthetik-team-oldenburg.de\/index.php\/wp-json\/wp\/v2\/pages\/137\/revisions"}],"predecessor-version":[{"id":815,"href":"https:\/\/www.aesthetik-team-oldenburg.de\/index.php\/wp-json\/wp\/v2\/pages\/137\/revisions\/815"}],"wp:attachment":[{"href":"https:\/\/www.aesthetik-team-oldenburg.de\/index.php\/wp-json\/wp\/v2\/media?parent=137"}],"curies":[{"name":"wp","href":"https:\/\/api.w.org\/{rel}","templated":true}]}}