{"id":150,"date":"2019-09-06T11:58:10","date_gmt":"2019-09-06T11:58:10","guid":{"rendered":"http:\/\/www.aesthetik-team-oldenburg.de\/?page_id=150"},"modified":"2022-10-24T22:49:29","modified_gmt":"2022-10-24T22:49:29","slug":"ohrmuschelkorrektur","status":"publish","type":"page","link":"https:\/\/www.aesthetik-team-oldenburg.de\/index.php\/ohrmuschelkorrektur\/","title":{"rendered":"Ohrmuschelkorrektur \/ Ohrkorrektur"},"content":{"rendered":"<div class=\"wpb-content-wrapper\"><p>[vc_row padding_top=&#8220;0&#8243; padding_bottom=&#8220;0&#8243;][vc_column][vc_column_text]<\/p>\n<h1>HILFE BEI ABSTEHENDEN OHREN \u2013 OHRKORREKTUR UND OHRMUSCHELKORREKTUR<\/h1>\n<p><strong>Wenn Sie psychisch unter abstehenden Ohren leiden oder Ihre Ohren als un\u00e4sthetisch empfinden,\u00a0 \u2026<\/strong><\/p>\n<p>\u2026 kann eine Ohrkorrektur oder Ohrmuschelkorrektur sinnvoll sein. Der Eingriff erfolgt heutzutage zwar meistens schon im Kindesalter, wird in dieser Zeit aber auch mal \u201cverpasst\u201d. Haben Sie als Erwachsener den Wunsch, Ihre abstehenden Ohren korrigieren zu lassen, ist dies jedoch problemlos m\u00f6glich.<\/p>\n<p>Der Grund f\u00fcr das Abstehen der Ohren ist die fehlende oder nur gering vorhandene Ausbildung der Hauptknorpelfalte (Anthelix) im Bereich der Ohrmuschel. Es handelt sich um eine angeborene Fehlbildung.[\/vc_column_text][vc_tta_accordion active_section=&#8220;0&#8243; collapsible_all=&#8220;true&#8220;][vc_tta_section title=&#8220;Was passiert bei einer Ohrkorrektur bzw. Ohrmuschelkorrektur?&#8220; tab_id=&#8220;1547739150923-adad33b5-a519&#8243;][vc_column_text]Die OP verl\u00e4uft nur auf \u00a0Wunsch station\u00e4r, sonst in der Regel ambulant in unserer Praxis in Oldenburg. Sie wird bei Erwachsenen oftmals in \u00f6rtlicher Bet\u00e4ubung durchgef\u00fchrt, auf Wunsch auch in Narkose.<\/p>\n<p>Der Eingriff bei abstehenden Ohren erfolgt auf der R\u00fcckseite des Ohres. Hier wird \u00fcbersch\u00fcssige Haut entfernt. Der Knorpel wird bearbeitet und die fehlende Anthelixfalte geformt.<\/p>\n<p>Bei einer Ohrmuschelkorrektur wird die Ohrmuschel \u00e4sthetisch neu geformt.[\/vc_column_text][\/vc_tta_section][vc_tta_section title=&#8220;Wie ist der Verlauf nach der Ohrkorrektur?&#8220; tab_id=&#8220;1547739150923-9450fb0f-bb53&#8243;][vc_column_text]Nach der Operation wird Ihnen ein mit Watte gepolsterter Kopfverband angelegt. Mit st\u00e4rkeren Schmerzen ist nicht zu rechnen. Am Operationstag ist Ruhe angesagt.<\/p>\n<p>Der erste Verbandwechsel erfolgt nach zwei bis drei Tagen. Die Ohren sind meist noch leicht geschwollen und durch Blutergussbildung bl\u00e4ulich verf\u00e4rbt. Ein Stirnband ersetzt den Kopfverband und wird bis zum F\u00e4denziehen (zehn Tage) getragen. Nun kann eine Haarw\u00e4sche erfolgen.<\/p>\n<p>Nach Entfernung der F\u00e4den wird das Stirnband f\u00fcr mehrere Wochen nur nachts getragen.<\/p>\n<p>Abh\u00e4ngig von der T\u00e4tigkeit k\u00f6nnen Sie Ihre Arbeit nach ein bis sieben Tagen wieder aufnehmen.[\/vc_column_text][\/vc_tta_section][vc_tta_section title=&#8220;Risiken und Komplikationen?&#8220; tab_id=&#8220;1547739214808-527a5d83-f84b&#8220;][vc_column_text]Blutergussbildungen, die das erneute \u00d6ffnen der Wunde erforderlich machen, sind extrem selten.<\/p>\n<p>Infektionen und Wundheilungsst\u00f6rungen sind selten.\u00a0Falls diese in seltenen F\u00e4llen auftreten, sollten sie sofort behandelt werden, unter anderem mit Antibiotika.<\/p>\n<p>Eine seltene Komplikation ist eine Wucherung der Narbe hinter dem Ohr (Keloidbildung). Dies kann mit Cortisoninjektionen in die Narbe behandelt werden.[\/vc_column_text][\/vc_tta_section][\/vc_tta_accordion][\/vc_column][\/vc_row]<\/p>\n<\/div>","protected":false},"excerpt":{"rendered":"<p>[vc_row padding_top=&#8220;0&#8243; padding_bottom=&#8220;0&#8243;][vc_column][vc_column_text] HILFE BEI ABSTEHENDEN OHREN \u2013 OHRKORREKTUR UND OHRMUSCHELKORREKTUR Wenn Sie psychisch unter abstehenden Ohren leiden oder Ihre Ohren als un\u00e4sthetisch empfinden,\u00a0 \u2026 \u2026 kann eine Ohrkorrektur oder Ohrmuschelkorrektur sinnvoll sein. Der Eingriff erfolgt heutzutage zwar meistens schon im Kindesalter, wird in dieser Zeit aber auch mal \u201cverpasst\u201d. Haben Sie als Erwachsener den [&hellip;]<\/p>\n","protected":false},"author":1,"featured_media":0,"parent":0,"menu_order":0,"comment_status":"closed","ping_status":"closed","template":"","meta":{"footnotes":""},"class_list":["post-150","page","type-page","status-publish","hentry"],"yoast_head":"<!-- This site is optimized with the Yoast SEO plugin v27.4 - https:\/\/yoast.com\/product\/yoast-seo-wordpress\/ -->\n<title>Ohrmuschelkorrektur \/ Ohrkorrektur - AESTHETIK TEAM OLDENBURG<\/title>\n<meta name=\"description\" content=\"Ohrmuschelkorrektur bzw. Ohrkorrektur im Kindesalter. Ambulant auch bei Erwachsenen. Moderne Facharztpraxis in Oldenburg. Lokale Bet\u00e4ubung.\" \/>\n<meta name=\"robots\" content=\"index, follow, max-snippet:-1, max-image-preview:large, max-video-preview:-1\" \/>\n<link rel=\"canonical\" href=\"https:\/\/www.aesthetik-team-oldenburg.de\/index.php\/ohrmuschelkorrektur\/\" \/>\n<meta property=\"og:locale\" content=\"de_DE\" \/>\n<meta property=\"og:type\" content=\"article\" \/>\n<meta property=\"og:title\" content=\"Ohrmuschelkorrektur \/ Ohrkorrektur - AESTHETIK TEAM OLDENBURG\" \/>\n<meta property=\"og:description\" content=\"Ohrmuschelkorrektur bzw. Ohrkorrektur im Kindesalter. Ambulant auch bei Erwachsenen. Moderne Facharztpraxis in Oldenburg. Lokale Bet\u00e4ubung.\" \/>\n<meta property=\"og:url\" content=\"https:\/\/www.aesthetik-team-oldenburg.de\/index.php\/ohrmuschelkorrektur\/\" \/>\n<meta property=\"og:site_name\" content=\"AESTHETIK TEAM OLDENBURG\" \/>\n<meta property=\"article:modified_time\" content=\"2022-10-24T22:49:29+00:00\" \/>\n<meta name=\"twitter:card\" content=\"summary_large_image\" \/>\n<meta name=\"twitter:label1\" content=\"Gesch\u00e4tzte Lesezeit\" \/>\n\t<meta name=\"twitter:data1\" content=\"2\u00a0Minuten\" \/>\n<script type=\"application\/ld+json\" class=\"yoast-schema-graph\">{\"@context\":\"https:\\\/\\\/schema.org\",\"@graph\":[{\"@type\":\"WebPage\",\"@id\":\"https:\\\/\\\/www.aesthetik-team-oldenburg.de\\\/index.php\\\/ohrmuschelkorrektur\\\/\",\"url\":\"https:\\\/\\\/www.aesthetik-team-oldenburg.de\\\/index.php\\\/ohrmuschelkorrektur\\\/\",\"name\":\"Ohrmuschelkorrektur \\\/ Ohrkorrektur - AESTHETIK TEAM OLDENBURG\",\"isPartOf\":{\"@id\":\"https:\\\/\\\/www.aesthetik-team-oldenburg.de\\\/#website\"},\"datePublished\":\"2019-09-06T11:58:10+00:00\",\"dateModified\":\"2022-10-24T22:49:29+00:00\",\"description\":\"Ohrmuschelkorrektur bzw. Ohrkorrektur im Kindesalter. Ambulant auch bei Erwachsenen. Moderne Facharztpraxis in Oldenburg. Lokale Bet\u00e4ubung.\",\"breadcrumb\":{\"@id\":\"https:\\\/\\\/www.aesthetik-team-oldenburg.de\\\/index.php\\\/ohrmuschelkorrektur\\\/#breadcrumb\"},\"inLanguage\":\"de\",\"potentialAction\":[{\"@type\":\"ReadAction\",\"target\":[\"https:\\\/\\\/www.aesthetik-team-oldenburg.de\\\/index.php\\\/ohrmuschelkorrektur\\\/\"]}]},{\"@type\":\"BreadcrumbList\",\"@id\":\"https:\\\/\\\/www.aesthetik-team-oldenburg.de\\\/index.php\\\/ohrmuschelkorrektur\\\/#breadcrumb\",\"itemListElement\":[{\"@type\":\"ListItem\",\"position\":1,\"name\":\"Home\",\"item\":\"https:\\\/\\\/www.aesthetik-team-oldenburg.de\\\/\"},{\"@type\":\"ListItem\",\"position\":2,\"name\":\"Ohrmuschelkorrektur \\\/ Ohrkorrektur\"}]},{\"@type\":\"WebSite\",\"@id\":\"https:\\\/\\\/www.aesthetik-team-oldenburg.de\\\/#website\",\"url\":\"https:\\\/\\\/www.aesthetik-team-oldenburg.de\\\/\",\"name\":\"AESTHETIK TEAM OLDENBURG\",\"description\":\"\u00c4STHETISCHE CHIRURIGE\",\"potentialAction\":[{\"@type\":\"SearchAction\",\"target\":{\"@type\":\"EntryPoint\",\"urlTemplate\":\"https:\\\/\\\/www.aesthetik-team-oldenburg.de\\\/?s={search_term_string}\"},\"query-input\":{\"@type\":\"PropertyValueSpecification\",\"valueRequired\":true,\"valueName\":\"search_term_string\"}}],\"inLanguage\":\"de\"}]}<\/script>\n<!-- \/ Yoast SEO plugin. -->","yoast_head_json":{"title":"Ohrmuschelkorrektur \/ Ohrkorrektur - AESTHETIK TEAM OLDENBURG","description":"Ohrmuschelkorrektur bzw. Ohrkorrektur im Kindesalter. Ambulant auch bei Erwachsenen. Moderne Facharztpraxis in Oldenburg. Lokale Bet\u00e4ubung.","robots":{"index":"index","follow":"follow","max-snippet":"max-snippet:-1","max-image-preview":"max-image-preview:large","max-video-preview":"max-video-preview:-1"},"canonical":"https:\/\/www.aesthetik-team-oldenburg.de\/index.php\/ohrmuschelkorrektur\/","og_locale":"de_DE","og_type":"article","og_title":"Ohrmuschelkorrektur \/ Ohrkorrektur - AESTHETIK TEAM OLDENBURG","og_description":"Ohrmuschelkorrektur bzw. Ohrkorrektur im Kindesalter. Ambulant auch bei Erwachsenen. Moderne Facharztpraxis in Oldenburg. Lokale Bet\u00e4ubung.","og_url":"https:\/\/www.aesthetik-team-oldenburg.de\/index.php\/ohrmuschelkorrektur\/","og_site_name":"AESTHETIK TEAM OLDENBURG","article_modified_time":"2022-10-24T22:49:29+00:00","twitter_card":"summary_large_image","twitter_misc":{"Gesch\u00e4tzte Lesezeit":"2\u00a0Minuten"},"schema":{"@context":"https:\/\/schema.org","@graph":[{"@type":"WebPage","@id":"https:\/\/www.aesthetik-team-oldenburg.de\/index.php\/ohrmuschelkorrektur\/","url":"https:\/\/www.aesthetik-team-oldenburg.de\/index.php\/ohrmuschelkorrektur\/","name":"Ohrmuschelkorrektur \/ Ohrkorrektur - AESTHETIK TEAM OLDENBURG","isPartOf":{"@id":"https:\/\/www.aesthetik-team-oldenburg.de\/#website"},"datePublished":"2019-09-06T11:58:10+00:00","dateModified":"2022-10-24T22:49:29+00:00","description":"Ohrmuschelkorrektur bzw. Ohrkorrektur im Kindesalter. Ambulant auch bei Erwachsenen. Moderne Facharztpraxis in Oldenburg. Lokale Bet\u00e4ubung.","breadcrumb":{"@id":"https:\/\/www.aesthetik-team-oldenburg.de\/index.php\/ohrmuschelkorrektur\/#breadcrumb"},"inLanguage":"de","potentialAction":[{"@type":"ReadAction","target":["https:\/\/www.aesthetik-team-oldenburg.de\/index.php\/ohrmuschelkorrektur\/"]}]},{"@type":"BreadcrumbList","@id":"https:\/\/www.aesthetik-team-oldenburg.de\/index.php\/ohrmuschelkorrektur\/#breadcrumb","itemListElement":[{"@type":"ListItem","position":1,"name":"Home","item":"https:\/\/www.aesthetik-team-oldenburg.de\/"},{"@type":"ListItem","position":2,"name":"Ohrmuschelkorrektur \/ Ohrkorrektur"}]},{"@type":"WebSite","@id":"https:\/\/www.aesthetik-team-oldenburg.de\/#website","url":"https:\/\/www.aesthetik-team-oldenburg.de\/","name":"AESTHETIK TEAM OLDENBURG","description":"\u00c4STHETISCHE CHIRURIGE","potentialAction":[{"@type":"SearchAction","target":{"@type":"EntryPoint","urlTemplate":"https:\/\/www.aesthetik-team-oldenburg.de\/?s={search_term_string}"},"query-input":{"@type":"PropertyValueSpecification","valueRequired":true,"valueName":"search_term_string"}}],"inLanguage":"de"}]}},"_links":{"self":[{"href":"https:\/\/www.aesthetik-team-oldenburg.de\/index.php\/wp-json\/wp\/v2\/pages\/150","targetHints":{"allow":["GET"]}}],"collection":[{"href":"https:\/\/www.aesthetik-team-oldenburg.de\/index.php\/wp-json\/wp\/v2\/pages"}],"about":[{"href":"https:\/\/www.aesthetik-team-oldenburg.de\/index.php\/wp-json\/wp\/v2\/types\/page"}],"author":[{"embeddable":true,"href":"https:\/\/www.aesthetik-team-oldenburg.de\/index.php\/wp-json\/wp\/v2\/users\/1"}],"replies":[{"embeddable":true,"href":"https:\/\/www.aesthetik-team-oldenburg.de\/index.php\/wp-json\/wp\/v2\/comments?post=150"}],"version-history":[{"count":9,"href":"https:\/\/www.aesthetik-team-oldenburg.de\/index.php\/wp-json\/wp\/v2\/pages\/150\/revisions"}],"predecessor-version":[{"id":569,"href":"https:\/\/www.aesthetik-team-oldenburg.de\/index.php\/wp-json\/wp\/v2\/pages\/150\/revisions\/569"}],"wp:attachment":[{"href":"https:\/\/www.aesthetik-team-oldenburg.de\/index.php\/wp-json\/wp\/v2\/media?parent=150"}],"curies":[{"name":"wp","href":"https:\/\/api.w.org\/{rel}","templated":true}]}}

<div class="wpb-content-wrapper"><p>[vc_row padding_top=&#8220;0&#8243; padding_bottom=&#8220;0&#8243;][vc_column][vc_column_text]</p>
<h1>HILFE BEI ABSTEHENDEN OHREN – OHRKORREKTUR UND OHRMUSCHELKORREKTUR</h1>
<p><strong>Wenn Sie psychisch unter abstehenden Ohren leiden oder Ihre Ohren als unästhetisch empfinden,  …</strong></p>
<p>… kann eine Ohrkorrektur oder Ohrmuschelkorrektur sinnvoll sein. Der Eingriff erfolgt heutzutage zwar meistens schon im Kindesalter, wird in dieser Zeit aber auch mal “verpasst”. Haben Sie als Erwachsener den Wunsch, Ihre abstehenden Ohren korrigieren zu lassen, ist dies jedoch problemlos möglich.</p>
<p>Der Grund für das Abstehen der Ohren ist die fehlende oder nur gering vorhandene Ausbildung der Hauptknorpelfalte (Anthelix) im Bereich der Ohrmuschel. Es handelt sich um eine angeborene Fehlbildung.[/vc_column_text][vc_tta_accordion active_section=&#8220;0&#8243; collapsible_all=&#8220;true&#8220;][vc_tta_section title=&#8220;Was passiert bei einer Ohrkorrektur bzw. Ohrmuschelkorrektur?&#8220; tab_id=&#8220;1547739150923-adad33b5-a519&#8243;][vc_column_text]Die OP verläuft nur auf  Wunsch stationär, sonst in der Regel ambulant in unserer Praxis in Oldenburg. Sie wird bei Erwachsenen oftmals in örtlicher Betäubung durchgeführt, auf Wunsch auch in Narkose.</p>
<p>Der Eingriff bei abstehenden Ohren erfolgt auf der Rückseite des Ohres. Hier wird überschüssige Haut entfernt. Der Knorpel wird bearbeitet und die fehlende Anthelixfalte geformt.</p>
<p>Bei einer Ohrmuschelkorrektur wird die Ohrmuschel ästhetisch neu geformt.[/vc_column_text][/vc_tta_section][vc_tta_section title=&#8220;Wie ist der Verlauf nach der Ohrkorrektur?&#8220; tab_id=&#8220;1547739150923-9450fb0f-bb53&#8243;][vc_column_text]Nach der Operation wird Ihnen ein mit Watte gepolsterter Kopfverband angelegt. Mit stärkeren Schmerzen ist nicht zu rechnen. Am Operationstag ist Ruhe angesagt.</p>
<p>Der erste Verbandwechsel erfolgt nach zwei bis drei Tagen. Die Ohren sind meist noch leicht geschwollen und durch Blutergussbildung bläulich verfärbt. Ein Stirnband ersetzt den Kopfverband und wird bis zum Fädenziehen (zehn Tage) getragen. Nun kann eine Haarwäsche erfolgen.</p>
<p>Nach Entfernung der Fäden wird das Stirnband für mehrere Wochen nur nachts getragen.</p>
<p>Abhängig von der Tätigkeit können Sie Ihre Arbeit nach ein bis sieben Tagen wieder aufnehmen.[/vc_column_text][/vc_tta_section][vc_tta_section title=&#8220;Risiken und Komplikationen?&#8220; tab_id=&#8220;1547739214808-527a5d83-f84b&#8220;][vc_column_text]Blutergussbildungen, die das erneute Öffnen der Wunde erforderlich machen, sind extrem selten.</p>
<p>Infektionen und Wundheilungsstörungen sind selten. Falls diese in seltenen Fällen auftreten, sollten sie sofort behandelt werden, unter anderem mit Antibiotika.</p>
<p>Eine seltene Komplikation ist eine Wucherung der Narbe hinter dem Ohr (Keloidbildung). Dies kann mit Cortisoninjektionen in die Narbe behandelt werden.[/vc_column_text][/vc_tta_section][/vc_tta_accordion][/vc_column][/vc_row]</p>
</div>

<p>[vc_row padding_top=&#8220;0&#8243; padding_bottom=&#8220;0&#8243;][vc_column][vc_column_text] HILFE BEI ABSTEHENDEN OHREN – OHRKORREKTUR UND OHRMUSCHELKORREKTUR Wenn Sie psychisch unter abstehenden Ohren leiden oder Ihre Ohren als unästhetisch empfinden,  … … kann eine Ohrkorrektur oder Ohrmuschelkorrektur sinnvoll sein. Der Eingriff erfolgt heutzutage zwar meistens schon im Kindesalter, wird in dieser Zeit aber auch mal “verpasst”. Haben Sie als Erwachsener den [&hellip;]</p>

<!-- This site is optimized with the Yoast SEO plugin v27.4 - https://yoast.com/product/yoast-seo-wordpress/ -->
<title>Ohrmuschelkorrektur / Ohrkorrektur - AESTHETIK TEAM OLDENBURG</title>
<meta name="description" content="Ohrmuschelkorrektur bzw. Ohrkorrektur im Kindesalter. Ambulant auch bei Erwachsenen. Moderne Facharztpraxis in Oldenburg. Lokale Betäubung." />
<meta name="robots" content="index, follow, max-snippet:-1, max-image-preview:large, max-video-preview:-1" />
<link rel="canonical" href="https://www.aesthetik-team-oldenburg.de/index.php/ohrmuschelkorrektur/" />
<meta property="og:locale" content="de_DE" />
<meta property="og:type" content="article" />
<meta property="og:title" content="Ohrmuschelkorrektur / Ohrkorrektur - AESTHETIK TEAM OLDENBURG" />
<meta property="og:description" content="Ohrmuschelkorrektur bzw. Ohrkorrektur im Kindesalter. Ambulant auch bei Erwachsenen. Moderne Facharztpraxis in Oldenburg. Lokale Betäubung." />
<meta property="og:url" content="https://www.aesthetik-team-oldenburg.de/index.php/ohrmuschelkorrektur/" />
<meta property="og:site_name" content="AESTHETIK TEAM OLDENBURG" />
<meta property="article:modified_time" content="2022-10-24T22:49:29+00:00" />
<meta name="twitter:card" content="summary_large_image" />
<meta name="twitter:label1" content="Geschätzte Lesezeit" />
	<meta name="twitter:data1" content="2 Minuten" />
<script type="application/ld+json" class="yoast-schema-graph">{"@context":"https:\/\/schema.org","@graph":[{"@type":"WebPage","@id":"https:\/\/www.aesthetik-team-oldenburg.de\/index.php\/ohrmuschelkorrektur\/","url":"https:\/\/www.aesthetik-team-oldenburg.de\/index.php\/ohrmuschelkorrektur\/","name":"Ohrmuschelkorrektur \/ Ohrkorrektur - AESTHETIK TEAM OLDENBURG","isPartOf":{"@id":"https:\/\/www.aesthetik-team-oldenburg.de\/#website"},"datePublished":"2019-09-06T11:58:10+00:00","dateModified":"2022-10-24T22:49:29+00:00","description":"Ohrmuschelkorrektur bzw. Ohrkorrektur im Kindesalter. Ambulant auch bei Erwachsenen. Moderne Facharztpraxis in Oldenburg. Lokale Betäubung.","breadcrumb":{"@id":"https:\/\/www.aesthetik-team-oldenburg.de\/index.php\/ohrmuschelkorrektur\/#breadcrumb"},"inLanguage":"de","potentialAction":[{"@type":"ReadAction","target":["https:\/\/www.aesthetik-team-oldenburg.de\/index.php\/ohrmuschelkorrektur\/"]}]},{"@type":"BreadcrumbList","@id":"https:\/\/www.aesthetik-team-oldenburg.de\/index.php\/ohrmuschelkorrektur\/#breadcrumb","itemListElement":[{"@type":"ListItem","position":1,"name":"Home","item":"https:\/\/www.aesthetik-team-oldenburg.de\/"},{"@type":"ListItem","position":2,"name":"Ohrmuschelkorrektur \/ Ohrkorrektur"}]},{"@type":"WebSite","@id":"https:\/\/www.aesthetik-team-oldenburg.de\/#website","url":"https:\/\/www.aesthetik-team-oldenburg.de\/","name":"AESTHETIK TEAM OLDENBURG","description":"ÄSTHETISCHE CHIRURIGE","potentialAction":[{"@type":"SearchAction","target":{"@type":"EntryPoint","urlTemplate":"https:\/\/www.aesthetik-team-oldenburg.de\/?s={search_term_string}"},"query-input":{"@type":"PropertyValueSpecification","valueRequired":true,"valueName":"search_term_string"}}],"inLanguage":"de"}]}</script>
<!-- / Yoast SEO plugin. -->

Ohrmuschelkorrektur bzw. Ohrkorrektur im Kindesalter. Ambulant auch bei Erwachsenen. Moderne Facharztpraxis in Oldenburg. Lokale Betäubung.

ÄSTHETISCHE CHIRURIGE
