{"id":160,"date":"2019-09-06T12:02:45","date_gmt":"2019-09-06T12:02:45","guid":{"rendered":"http:\/\/www.aesthetik-team-oldenburg.de\/?page_id=160"},"modified":"2023-11-08T13:32:46","modified_gmt":"2023-11-08T13:32:46","slug":"schamlippenkorrektur","status":"publish","type":"page","link":"https:\/\/www.aesthetik-team-oldenburg.de\/index.php\/schamlippenkorrektur\/","title":{"rendered":"Schamlippenkorrektur"},"content":{"rendered":"<div class=\"wpb-content-wrapper\"><p>[vc_row padding_top=&#8220;0&#8243; padding_bottom=&#8220;0&#8243;][vc_column width=&#8220;1\/2&#8243;][vc_column_text]<\/p>\n<h1>Schamlippenkorrektur<\/h1>\n<p><strong>Wenn Veranlagung, Schwangerschaftsfolgen oder Gewichtsabnahme im weiblichen Genitalbereich Ver\u00e4nderungen hervorrufen, \u2026<\/strong><\/p>\n<p>\u2026 k\u00f6nnen Sie sich als Frau in ihrer Lebensqualit\u00e4t erheblich beeintr\u00e4chtigt f\u00fchlen. Naturgem\u00e4\u00df ist das Aussehen der weiblichen Intimzone individuell sehr unterschiedlich, doch unabh\u00e4ngig von \u00e4sthetischen Gesichtspunkten k\u00f6nnen zum Beispiel sehr lange kleine Schamlippen (Labien) Sie seelisch und k\u00f6rperlich st\u00f6ren und\/oder Schmerzen verursachen, etwa beim Entkleiden vor anderen Personen, beim Geschlechtsverkehr oder durch das Reiben des Sattels beim Fahrradfahren.<\/p>\n<h2>Behandlungsablauf Schamlippenkorrektur<\/h2>\n<p>[\/vc_column_text][vc_tta_accordion active_section=&#8220;0&#8243; collapsible_all=&#8220;true&#8220;][vc_tta_section title=&#8220;Was passiert bei einer Schamlippenkorrektur?&#8220; tab_id=&#8220;1547739799527-b6dd3678-a864&#8243;][vc_column_text]Die Mini-OP erfolgt in \u00f6rtlicher Bet\u00e4ubung und wird regelhaft ambulant in unserer Praxis durchgef\u00fchrt, nur auf Ihren ausdr\u00fccklichen Wunsch station\u00e4r in einer unserer Partnerkliniken.<\/p>\n<p>Vor der Schamlippenverkleinerung wird mit Ihnen anhand von Anzeichnungen das geplante Ergebnis genau mit Ihnen besprochen. Nach entsprechender Markierung und Bet\u00e4ubung erfolgt die vorsichtige Abtragung des Gewebe\u00fcberschusses. Besonderes Augenmerk wird in dem sehr gut durchbluteten Gewebe auf eine akkurate Blutstillung gelegt. Die herunterh\u00e4ngenden kleinen Schamlippen werden verkleinert (nur in Ausnahmef\u00e4llen sind auch die \u00e4u\u00dferen Labien betroffen) und die zu erwartenden Narben auf eine geschickte Art versteckt. Der Wundverschluss erfolgt mit selbstaufl\u00f6sbarem Nahtmaterial.<\/p>\n<p>Sind die \u00e4u\u00dferen Labien erschlafft, kann ggf. eine diskrete Hyalurons\u00e4ure-Unterspritzung erfolgen. Die Schamlippen wirken dadurch f\u00fcr einen Zeitraum von einigen Monaten wieder straffer und jugendlicher. Auch zu diesem sensiblen Thema beraten wir Sie selbstverst\u00e4ndlich absolut diskret und unverbindlich.[\/vc_column_text][\/vc_tta_section][vc_tta_section title=&#8220;Wie ist der Verlauf nach einer Schamlippenkorrektur?&#8220; tab_id=&#8220;1547739799527-2387354b-b8b8&#8243;][vc_column_text]Nach der Schamlippenverkleinerung wird eine saugf\u00e4hige Damenbinde getragen. Mit st\u00e4rkeren Schmerzen ist nicht zu rechnen. In den ersten Tagen ist Ruhe angesagt. Das Nahtmaterial l\u00f6st sich auf, Nahtreste k\u00f6nnen bei der Wundkontrolle ohne wesentliche Schmerzen m\u00fchelos entfernt werden. Der erste Verbandwechsel erfolgt nach ein bis zwei Tagen. Die Schamlippen sind zuerst geschwollen und durch Blutergussbildung bl\u00e4ulich verf\u00e4rbt. Sie d\u00fcrfen gerne t\u00e4glich duschen, um den Bereich hygienisch sauber zu halten. Abh\u00e4ngig von der T\u00e4tigkeit, k\u00f6nnen Sie Ihre Arbeit nach ein bis sieben Tagen wieder aufnehmen.<\/p>\n<p>Bei einer guten Indikation und fachlich versierten Durchf\u00fchrung ist eine Schamlippenkorrektur ein kurzer, risikoarmer Eingriff mit einem bleibend guten Resultat.[\/vc_column_text][\/vc_tta_section][vc_tta_section title=&#8220;Risiken und Komplikationen?&#8220; tab_id=&#8220;1547739854686-aab1e897-d74f&#8220;][vc_column_text]Blutergussbildungen, die ein \u00d6ffnen der Wunde verursachen, Infektionen und Wundheilungsst\u00f6rungen sind nach einer Schamlippenkorrektur selten. Eine schmerzhafte Narbenbildung ist extrem selten.[\/vc_column_text][\/vc_tta_section][\/vc_tta_accordion][\/vc_column][vc_column width=&#8220;1\/2&#8243;]<div class=\"grve-element grve-box-icon grve-align-left grve-small grve-animated-item grve-fadeInRight\" style=\"\" data-delay=\"600\">  <div class=\"grve-wrapper-icon grve-no-shape grve-text-grey\"><i class=\"smp-icon-info grve-text-primary-1\"><\/i><\/div>  <div class=\"grve-box-content\">      <h3 class=\"grve-box-title grve-h3\">Mit Sicherheit nur vom Facharzt<\/h3>    <p class=\"\">Eine Schamlippenkorrektur sollte ausschlie\u00dflich von einem erfahrenen Facharzt f\u00fcr Plastische und \u00c4sthetische Chirurgie durchgef\u00fchrt werden. Die OP erfordert eine genaue Kenntnis der Anatomie und eine gewebeschonende Vorgehensweise. Ziel einer Schamlippenverkleinerung ist, dass die gro\u00dfen \u00e4u\u00dferen Schamlippen die inneren gek\u00fcrzten Schamlippen wieder \u201eganz nat\u00fcrlich\u201c umschlie\u00dfen. Zugleich ist es wichtig, dass die Labien als erkennbare Struktur erhalten bleiben und vor allem im Bereich des Klitorisdaches ihre Schutzfunktion behalten.<\/p>  <\/div><\/div>[\/vc_column][\/vc_row]<\/p>\n<\/div>","protected":false},"excerpt":{"rendered":"<p>[vc_row padding_top=&#8220;0&#8243; padding_bottom=&#8220;0&#8243;][vc_column width=&#8220;1\/2&#8243;][vc_column_text] Schamlippenkorrektur Wenn Veranlagung, Schwangerschaftsfolgen oder Gewichtsabnahme im weiblichen Genitalbereich Ver\u00e4nderungen hervorrufen, \u2026 \u2026 k\u00f6nnen Sie sich als Frau in ihrer Lebensqualit\u00e4t erheblich beeintr\u00e4chtigt f\u00fchlen. Naturgem\u00e4\u00df ist das Aussehen der weiblichen Intimzone individuell sehr unterschiedlich, doch unabh\u00e4ngig von \u00e4sthetischen Gesichtspunkten k\u00f6nnen zum Beispiel sehr lange kleine Schamlippen (Labien) Sie seelisch und k\u00f6rperlich [&hellip;]<\/p>\n","protected":false},"author":1,"featured_media":0,"parent":0,"menu_order":0,"comment_status":"closed","ping_status":"closed","template":"","meta":{"footnotes":""},"class_list":["post-160","page","type-page","status-publish","hentry"],"yoast_head":"<!-- This site is optimized with the Yoast SEO plugin v27.2 - https:\/\/yoast.com\/product\/yoast-seo-wordpress\/ -->\n<title>Schamlippenkorrektur - AESTHETIK TEAM OLDENBURG<\/title>\n<meta name=\"description\" content=\"Schamlippenkorrektur von erfahrenem Facharzt in Oldenburg. Bei Veranlagung, Schwangerschaftsfolgen oder nach Gewichtsabnahme.\" \/>\n<meta name=\"robots\" content=\"index, follow, max-snippet:-1, max-image-preview:large, max-video-preview:-1\" \/>\n<link rel=\"canonical\" href=\"https:\/\/www.aesthetik-team-oldenburg.de\/index.php\/schamlippenkorrektur\/\" \/>\n<meta property=\"og:locale\" content=\"de_DE\" \/>\n<meta property=\"og:type\" content=\"article\" \/>\n<meta property=\"og:title\" content=\"Schamlippenkorrektur - AESTHETIK TEAM OLDENBURG\" \/>\n<meta property=\"og:description\" content=\"Schamlippenkorrektur von erfahrenem Facharzt in Oldenburg. Bei Veranlagung, Schwangerschaftsfolgen oder nach Gewichtsabnahme.\" \/>\n<meta property=\"og:url\" content=\"https:\/\/www.aesthetik-team-oldenburg.de\/index.php\/schamlippenkorrektur\/\" \/>\n<meta property=\"og:site_name\" content=\"AESTHETIK TEAM OLDENBURG\" \/>\n<meta property=\"article:modified_time\" content=\"2023-11-08T13:32:46+00:00\" \/>\n<meta name=\"twitter:card\" content=\"summary_large_image\" \/>\n<meta name=\"twitter:label1\" content=\"Gesch\u00e4tzte Lesezeit\" \/>\n\t<meta name=\"twitter:data1\" content=\"3\u00a0Minuten\" \/>\n<script type=\"application\/ld+json\" class=\"yoast-schema-graph\">{\"@context\":\"https:\/\/schema.org\",\"@graph\":[{\"@type\":\"WebPage\",\"@id\":\"https:\/\/www.aesthetik-team-oldenburg.de\/index.php\/schamlippenkorrektur\/\",\"url\":\"https:\/\/www.aesthetik-team-oldenburg.de\/index.php\/schamlippenkorrektur\/\",\"name\":\"Schamlippenkorrektur - AESTHETIK TEAM OLDENBURG\",\"isPartOf\":{\"@id\":\"https:\/\/www.aesthetik-team-oldenburg.de\/#website\"},\"datePublished\":\"2019-09-06T12:02:45+00:00\",\"dateModified\":\"2023-11-08T13:32:46+00:00\",\"description\":\"Schamlippenkorrektur von erfahrenem Facharzt in Oldenburg. Bei Veranlagung, Schwangerschaftsfolgen oder nach Gewichtsabnahme.\",\"breadcrumb\":{\"@id\":\"https:\/\/www.aesthetik-team-oldenburg.de\/index.php\/schamlippenkorrektur\/#breadcrumb\"},\"inLanguage\":\"de\",\"potentialAction\":[{\"@type\":\"ReadAction\",\"target\":[\"https:\/\/www.aesthetik-team-oldenburg.de\/index.php\/schamlippenkorrektur\/\"]}]},{\"@type\":\"BreadcrumbList\",\"@id\":\"https:\/\/www.aesthetik-team-oldenburg.de\/index.php\/schamlippenkorrektur\/#breadcrumb\",\"itemListElement\":[{\"@type\":\"ListItem\",\"position\":1,\"name\":\"Home\",\"item\":\"https:\/\/www.aesthetik-team-oldenburg.de\/\"},{\"@type\":\"ListItem\",\"position\":2,\"name\":\"Schamlippenkorrektur\"}]},{\"@type\":\"WebSite\",\"@id\":\"https:\/\/www.aesthetik-team-oldenburg.de\/#website\",\"url\":\"https:\/\/www.aesthetik-team-oldenburg.de\/\",\"name\":\"AESTHETIK TEAM OLDENBURG\",\"description\":\"\u00c4STHETISCHE CHIRURIGE\",\"potentialAction\":[{\"@type\":\"SearchAction\",\"target\":{\"@type\":\"EntryPoint\",\"urlTemplate\":\"https:\/\/www.aesthetik-team-oldenburg.de\/?s={search_term_string}\"},\"query-input\":{\"@type\":\"PropertyValueSpecification\",\"valueRequired\":true,\"valueName\":\"search_term_string\"}}],\"inLanguage\":\"de\"}]}<\/script>\n<!-- \/ Yoast SEO plugin. -->","yoast_head_json":{"title":"Schamlippenkorrektur - AESTHETIK TEAM OLDENBURG","description":"Schamlippenkorrektur von erfahrenem Facharzt in Oldenburg. Bei Veranlagung, Schwangerschaftsfolgen oder nach Gewichtsabnahme.","robots":{"index":"index","follow":"follow","max-snippet":"max-snippet:-1","max-image-preview":"max-image-preview:large","max-video-preview":"max-video-preview:-1"},"canonical":"https:\/\/www.aesthetik-team-oldenburg.de\/index.php\/schamlippenkorrektur\/","og_locale":"de_DE","og_type":"article","og_title":"Schamlippenkorrektur - AESTHETIK TEAM OLDENBURG","og_description":"Schamlippenkorrektur von erfahrenem Facharzt in Oldenburg. Bei Veranlagung, Schwangerschaftsfolgen oder nach Gewichtsabnahme.","og_url":"https:\/\/www.aesthetik-team-oldenburg.de\/index.php\/schamlippenkorrektur\/","og_site_name":"AESTHETIK TEAM OLDENBURG","article_modified_time":"2023-11-08T13:32:46+00:00","twitter_card":"summary_large_image","twitter_misc":{"Gesch\u00e4tzte Lesezeit":"3\u00a0Minuten"},"schema":{"@context":"https:\/\/schema.org","@graph":[{"@type":"WebPage","@id":"https:\/\/www.aesthetik-team-oldenburg.de\/index.php\/schamlippenkorrektur\/","url":"https:\/\/www.aesthetik-team-oldenburg.de\/index.php\/schamlippenkorrektur\/","name":"Schamlippenkorrektur - AESTHETIK TEAM OLDENBURG","isPartOf":{"@id":"https:\/\/www.aesthetik-team-oldenburg.de\/#website"},"datePublished":"2019-09-06T12:02:45+00:00","dateModified":"2023-11-08T13:32:46+00:00","description":"Schamlippenkorrektur von erfahrenem Facharzt in Oldenburg. Bei Veranlagung, Schwangerschaftsfolgen oder nach Gewichtsabnahme.","breadcrumb":{"@id":"https:\/\/www.aesthetik-team-oldenburg.de\/index.php\/schamlippenkorrektur\/#breadcrumb"},"inLanguage":"de","potentialAction":[{"@type":"ReadAction","target":["https:\/\/www.aesthetik-team-oldenburg.de\/index.php\/schamlippenkorrektur\/"]}]},{"@type":"BreadcrumbList","@id":"https:\/\/www.aesthetik-team-oldenburg.de\/index.php\/schamlippenkorrektur\/#breadcrumb","itemListElement":[{"@type":"ListItem","position":1,"name":"Home","item":"https:\/\/www.aesthetik-team-oldenburg.de\/"},{"@type":"ListItem","position":2,"name":"Schamlippenkorrektur"}]},{"@type":"WebSite","@id":"https:\/\/www.aesthetik-team-oldenburg.de\/#website","url":"https:\/\/www.aesthetik-team-oldenburg.de\/","name":"AESTHETIK TEAM OLDENBURG","description":"\u00c4STHETISCHE CHIRURIGE","potentialAction":[{"@type":"SearchAction","target":{"@type":"EntryPoint","urlTemplate":"https:\/\/www.aesthetik-team-oldenburg.de\/?s={search_term_string}"},"query-input":{"@type":"PropertyValueSpecification","valueRequired":true,"valueName":"search_term_string"}}],"inLanguage":"de"}]}},"_links":{"self":[{"href":"https:\/\/www.aesthetik-team-oldenburg.de\/index.php\/wp-json\/wp\/v2\/pages\/160","targetHints":{"allow":["GET"]}}],"collection":[{"href":"https:\/\/www.aesthetik-team-oldenburg.de\/index.php\/wp-json\/wp\/v2\/pages"}],"about":[{"href":"https:\/\/www.aesthetik-team-oldenburg.de\/index.php\/wp-json\/wp\/v2\/types\/page"}],"author":[{"embeddable":true,"href":"https:\/\/www.aesthetik-team-oldenburg.de\/index.php\/wp-json\/wp\/v2\/users\/1"}],"replies":[{"embeddable":true,"href":"https:\/\/www.aesthetik-team-oldenburg.de\/index.php\/wp-json\/wp\/v2\/comments?post=160"}],"version-history":[{"count":4,"href":"https:\/\/www.aesthetik-team-oldenburg.de\/index.php\/wp-json\/wp\/v2\/pages\/160\/revisions"}],"predecessor-version":[{"id":632,"href":"https:\/\/www.aesthetik-team-oldenburg.de\/index.php\/wp-json\/wp\/v2\/pages\/160\/revisions\/632"}],"wp:attachment":[{"href":"https:\/\/www.aesthetik-team-oldenburg.de\/index.php\/wp-json\/wp\/v2\/media?parent=160"}],"curies":[{"name":"wp","href":"https:\/\/api.w.org\/{rel}","templated":true}]}}