{"id":164,"date":"2019-09-06T12:04:36","date_gmt":"2019-09-06T12:04:36","guid":{"rendered":"http:\/\/www.aesthetik-team-oldenburg.de\/?page_id=164"},"modified":"2021-02-26T09:13:16","modified_gmt":"2021-02-26T09:13:16","slug":"finanzierung","status":"publish","type":"page","link":"https:\/\/www.aesthetik-team-oldenburg.de\/index.php\/finanzierung\/","title":{"rendered":"Finanzierung"},"content":{"rendered":"<div class=\"wpb-content-wrapper\"><p>[vc_row padding_top=&#8220;0&#8243; padding_bottom=&#8220;0&#8243;][vc_column][vc_column_text]<\/p>\n<h1>KOSTEN:<\/h1>\n<p>Sie sollen zu jedem Zeitpunkt die bestm\u00f6gliche Leistung bekommen.\u00a0\u00dcber die zu erwartenden Kosten f\u00fcr den von Ihnen gew\u00fcnschten Eingriff beraten wir Sie verbindlich in einem pers\u00f6nlichen Gespr\u00e4ch in unserer Praxis in Oldenburg.<\/p>\n<h2>INFORMATION F\u00dcR VERSICHERTE GESETZLICHER KRANKENKASSEN:<\/h2>\n<p>F\u00fcr eine kosmetisch \u00e4sthetische Beratung berechnen wir 50,- Euro. Kleinere Eingriffe, die privat abgerechnet werden, f\u00fchren wir in unserer Praxis in Oldenburg ambulant durch.<\/p>\n<p>Sie w\u00fcnschen einen umfangreicheren chirurgischen Eingriff? Gerne beraten wir Sie \u00fcber weitere Schritte.<\/p>\n<h3>PATIENTENINFORMATION:<\/h3>\n<p>Folgekosten, die bei m\u00f6glichen Komplikationen, welche durch eine \u00e4sthetische Operation entstehen k\u00f6nnen, anfallen, werden nicht automatisch von den Krankenkassen abgedeckt. Ihre Krankenversicherung kann sich an den Kosten in unterschiedlicher H\u00f6he beteiligen oder diese ganz verweigern. Wenn Sie dieses Risiko ausschlie\u00dfen m\u00f6chten, k\u00f6nnen Sie sich mit einer\u00a0privaten Folgekostenversicherung vor m\u00f6glichen finanziellen Folgen sch\u00fctzen.[\/vc_column_text][\/vc_column][\/vc_row]<\/p>\n<\/div>","protected":false},"excerpt":{"rendered":"<p>[vc_row padding_top=&#8220;0&#8243; padding_bottom=&#8220;0&#8243;][vc_column][vc_column_text] KOSTEN: Sie sollen zu jedem Zeitpunkt die bestm\u00f6gliche Leistung bekommen.\u00a0\u00dcber die zu erwartenden Kosten f\u00fcr den von Ihnen gew\u00fcnschten Eingriff beraten wir Sie verbindlich in einem pers\u00f6nlichen Gespr\u00e4ch in unserer Praxis in Oldenburg. INFORMATION F\u00dcR VERSICHERTE GESETZLICHER KRANKENKASSEN: F\u00fcr eine kosmetisch \u00e4sthetische Beratung berechnen wir 50,- Euro. Kleinere Eingriffe, die privat abgerechnet [&hellip;]<\/p>\n","protected":false},"author":1,"featured_media":0,"parent":0,"menu_order":0,"comment_status":"closed","ping_status":"closed","template":"","meta":{"footnotes":""},"class_list":["post-164","page","type-page","status-publish","hentry"],"yoast_head":"<!-- This site is optimized with the Yoast SEO plugin v27.4 - https:\/\/yoast.com\/product\/yoast-seo-wordpress\/ -->\n<title>Finanzierung - AESTHETIK TEAM OLDENBURG<\/title>\n<meta name=\"description\" content=\"Finanzierung von Plastischer und \u00c4sthetischer Chirurgie. Behandlung in Oldenburg in Kooperation mit zertifizierten Anbietern.\" \/>\n<meta name=\"robots\" content=\"index, follow, max-snippet:-1, max-image-preview:large, max-video-preview:-1\" \/>\n<link rel=\"canonical\" href=\"https:\/\/www.aesthetik-team-oldenburg.de\/index.php\/finanzierung\/\" \/>\n<meta property=\"og:locale\" content=\"de_DE\" \/>\n<meta property=\"og:type\" content=\"article\" \/>\n<meta property=\"og:title\" content=\"Finanzierung - AESTHETIK TEAM OLDENBURG\" \/>\n<meta property=\"og:description\" content=\"Finanzierung von Plastischer und \u00c4sthetischer Chirurgie. Behandlung in Oldenburg in Kooperation mit zertifizierten Anbietern.\" \/>\n<meta property=\"og:url\" content=\"https:\/\/www.aesthetik-team-oldenburg.de\/index.php\/finanzierung\/\" \/>\n<meta property=\"og:site_name\" content=\"AESTHETIK TEAM OLDENBURG\" \/>\n<meta property=\"article:modified_time\" content=\"2021-02-26T09:13:16+00:00\" \/>\n<meta name=\"twitter:card\" content=\"summary_large_image\" \/>\n<meta name=\"twitter:label1\" content=\"Gesch\u00e4tzte Lesezeit\" \/>\n\t<meta name=\"twitter:data1\" content=\"1\u00a0Minute\" \/>\n<script type=\"application\/ld+json\" class=\"yoast-schema-graph\">{\"@context\":\"https:\\\/\\\/schema.org\",\"@graph\":[{\"@type\":\"WebPage\",\"@id\":\"https:\\\/\\\/www.aesthetik-team-oldenburg.de\\\/index.php\\\/finanzierung\\\/\",\"url\":\"https:\\\/\\\/www.aesthetik-team-oldenburg.de\\\/index.php\\\/finanzierung\\\/\",\"name\":\"Finanzierung - AESTHETIK TEAM OLDENBURG\",\"isPartOf\":{\"@id\":\"https:\\\/\\\/www.aesthetik-team-oldenburg.de\\\/#website\"},\"datePublished\":\"2019-09-06T12:04:36+00:00\",\"dateModified\":\"2021-02-26T09:13:16+00:00\",\"description\":\"Finanzierung von Plastischer und \u00c4sthetischer Chirurgie. Behandlung in Oldenburg in Kooperation mit zertifizierten Anbietern.\",\"breadcrumb\":{\"@id\":\"https:\\\/\\\/www.aesthetik-team-oldenburg.de\\\/index.php\\\/finanzierung\\\/#breadcrumb\"},\"inLanguage\":\"de\",\"potentialAction\":[{\"@type\":\"ReadAction\",\"target\":[\"https:\\\/\\\/www.aesthetik-team-oldenburg.de\\\/index.php\\\/finanzierung\\\/\"]}]},{\"@type\":\"BreadcrumbList\",\"@id\":\"https:\\\/\\\/www.aesthetik-team-oldenburg.de\\\/index.php\\\/finanzierung\\\/#breadcrumb\",\"itemListElement\":[{\"@type\":\"ListItem\",\"position\":1,\"name\":\"Home\",\"item\":\"https:\\\/\\\/www.aesthetik-team-oldenburg.de\\\/\"},{\"@type\":\"ListItem\",\"position\":2,\"name\":\"Finanzierung\"}]},{\"@type\":\"WebSite\",\"@id\":\"https:\\\/\\\/www.aesthetik-team-oldenburg.de\\\/#website\",\"url\":\"https:\\\/\\\/www.aesthetik-team-oldenburg.de\\\/\",\"name\":\"AESTHETIK TEAM OLDENBURG\",\"description\":\"\u00c4STHETISCHE CHIRURIGE\",\"potentialAction\":[{\"@type\":\"SearchAction\",\"target\":{\"@type\":\"EntryPoint\",\"urlTemplate\":\"https:\\\/\\\/www.aesthetik-team-oldenburg.de\\\/?s={search_term_string}\"},\"query-input\":{\"@type\":\"PropertyValueSpecification\",\"valueRequired\":true,\"valueName\":\"search_term_string\"}}],\"inLanguage\":\"de\"}]}<\/script>\n<!-- \/ Yoast SEO plugin. -->","yoast_head_json":{"title":"Finanzierung - AESTHETIK TEAM OLDENBURG","description":"Finanzierung von Plastischer und \u00c4sthetischer Chirurgie. Behandlung in Oldenburg in Kooperation mit zertifizierten Anbietern.","robots":{"index":"index","follow":"follow","max-snippet":"max-snippet:-1","max-image-preview":"max-image-preview:large","max-video-preview":"max-video-preview:-1"},"canonical":"https:\/\/www.aesthetik-team-oldenburg.de\/index.php\/finanzierung\/","og_locale":"de_DE","og_type":"article","og_title":"Finanzierung - AESTHETIK TEAM OLDENBURG","og_description":"Finanzierung von Plastischer und \u00c4sthetischer Chirurgie. Behandlung in Oldenburg in Kooperation mit zertifizierten Anbietern.","og_url":"https:\/\/www.aesthetik-team-oldenburg.de\/index.php\/finanzierung\/","og_site_name":"AESTHETIK TEAM OLDENBURG","article_modified_time":"2021-02-26T09:13:16+00:00","twitter_card":"summary_large_image","twitter_misc":{"Gesch\u00e4tzte Lesezeit":"1\u00a0Minute"},"schema":{"@context":"https:\/\/schema.org","@graph":[{"@type":"WebPage","@id":"https:\/\/www.aesthetik-team-oldenburg.de\/index.php\/finanzierung\/","url":"https:\/\/www.aesthetik-team-oldenburg.de\/index.php\/finanzierung\/","name":"Finanzierung - AESTHETIK TEAM OLDENBURG","isPartOf":{"@id":"https:\/\/www.aesthetik-team-oldenburg.de\/#website"},"datePublished":"2019-09-06T12:04:36+00:00","dateModified":"2021-02-26T09:13:16+00:00","description":"Finanzierung von Plastischer und \u00c4sthetischer Chirurgie. Behandlung in Oldenburg in Kooperation mit zertifizierten Anbietern.","breadcrumb":{"@id":"https:\/\/www.aesthetik-team-oldenburg.de\/index.php\/finanzierung\/#breadcrumb"},"inLanguage":"de","potentialAction":[{"@type":"ReadAction","target":["https:\/\/www.aesthetik-team-oldenburg.de\/index.php\/finanzierung\/"]}]},{"@type":"BreadcrumbList","@id":"https:\/\/www.aesthetik-team-oldenburg.de\/index.php\/finanzierung\/#breadcrumb","itemListElement":[{"@type":"ListItem","position":1,"name":"Home","item":"https:\/\/www.aesthetik-team-oldenburg.de\/"},{"@type":"ListItem","position":2,"name":"Finanzierung"}]},{"@type":"WebSite","@id":"https:\/\/www.aesthetik-team-oldenburg.de\/#website","url":"https:\/\/www.aesthetik-team-oldenburg.de\/","name":"AESTHETIK TEAM OLDENBURG","description":"\u00c4STHETISCHE CHIRURIGE","potentialAction":[{"@type":"SearchAction","target":{"@type":"EntryPoint","urlTemplate":"https:\/\/www.aesthetik-team-oldenburg.de\/?s={search_term_string}"},"query-input":{"@type":"PropertyValueSpecification","valueRequired":true,"valueName":"search_term_string"}}],"inLanguage":"de"}]}},"_links":{"self":[{"href":"https:\/\/www.aesthetik-team-oldenburg.de\/index.php\/wp-json\/wp\/v2\/pages\/164","targetHints":{"allow":["GET"]}}],"collection":[{"href":"https:\/\/www.aesthetik-team-oldenburg.de\/index.php\/wp-json\/wp\/v2\/pages"}],"about":[{"href":"https:\/\/www.aesthetik-team-oldenburg.de\/index.php\/wp-json\/wp\/v2\/types\/page"}],"author":[{"embeddable":true,"href":"https:\/\/www.aesthetik-team-oldenburg.de\/index.php\/wp-json\/wp\/v2\/users\/1"}],"replies":[{"embeddable":true,"href":"https:\/\/www.aesthetik-team-oldenburg.de\/index.php\/wp-json\/wp\/v2\/comments?post=164"}],"version-history":[{"count":5,"href":"https:\/\/www.aesthetik-team-oldenburg.de\/index.php\/wp-json\/wp\/v2\/pages\/164\/revisions"}],"predecessor-version":[{"id":478,"href":"https:\/\/www.aesthetik-team-oldenburg.de\/index.php\/wp-json\/wp\/v2\/pages\/164\/revisions\/478"}],"wp:attachment":[{"href":"https:\/\/www.aesthetik-team-oldenburg.de\/index.php\/wp-json\/wp\/v2\/media?parent=164"}],"curies":[{"name":"wp","href":"https:\/\/api.w.org\/{rel}","templated":true}]}}