{"id":166,"date":"2019-09-06T12:05:29","date_gmt":"2019-09-06T12:05:29","guid":{"rendered":"http:\/\/www.aesthetik-team-oldenburg.de\/?page_id=166"},"modified":"2022-01-20T12:31:42","modified_gmt":"2022-01-20T12:31:42","slug":"weitere-serviceleistungen","status":"publish","type":"page","link":"https:\/\/www.aesthetik-team-oldenburg.de\/index.php\/weitere-serviceleistungen\/","title":{"rendered":"Weitere Serviceleistungen"},"content":{"rendered":"<div class=\"wpb-content-wrapper\"><p>[vc_row padding_top=&#8220;0&#8243; padding_bottom=&#8220;0&#8243;][vc_column][vc_column_text]<\/p>\n<h1>Service<\/h1>\n<h3>Beratung<\/h3>\n<p>Wir behandeln Sie ausschlie\u00dflich nach unverbindlicher Beratung und kl\u00e4ren Sie vollumf\u00e4nglich sowohl \u00fcber die Chancen eines Eingriffs als auch \u00fcber m\u00f6gliche Risiken auf. \u00a0Ein unverbindliches Beratungsgespr\u00e4ch berechnen wir mit einem Honorar in H\u00f6he von 50,00 Euro.<\/p>\n<h3>Altersbeschr\u00e4nkungen &amp; Ethik<\/h3>\n<p>Grunds\u00e4tzlich erfolgen plastisch-\u00e4sthetische Eingriffe erst nach Vollendung des 18.\u00a0Lebensjahres, einige erst nach Vollendung des 21. Lebensjahres, wenn das Wachstum\u00a0des Patienten vollst\u00e4ndig abgeschlossen ist. (Ausnahmen betreffen insbesondere stark entstellende Deformit\u00e4ten, die nicht kaschiert werden k\u00f6nnen. Liegen eindeutige medizinische Indikationen vor und\/ oder lastet ein extremer Leidensdruck auf jugendlichen Patienten, k\u00f6nnen unter Umst\u00e4nden korrigierende Operationen nach sorgf\u00e4ltiger Einzelfallpr\u00fcfung erfolgen).<\/p>\n<p>Wir erf\u00fcllen Ihre W\u00fcnsche nicht um jeden Preis! Ziel bei jedem Eingriff ist die Optimierung und Harmonisierung Ihrer nat\u00fcrlichen Sch\u00f6nheit bei bester Gesundheit. Wir behandeln Sie nur, wenn wir die von Ihnen gew\u00fcnschte Operation sowohl aus medizinischer als auch aus \u00e4sthetischer Sicht vollumf\u00e4nglich vertreten k\u00f6nnen.<\/p>\n<h3>Zeitpunkt der Behandlung<\/h3>\n<p>Faltenunterspritzungen mit Hyalurons\u00e4ure oder Botolinum Toxin A (Botox) k\u00f6nnen, wenn Sie es w\u00fcnschen, direkt im Anschluss an das Beratungsgespr\u00e4ch ambulant erfolgen.<\/p>\n<p>F\u00fcr weiterf\u00fchrende Behandlungen und Operationen vereinbaren Sie einen Termin f\u00fcr einen sp\u00e4teren Zeitpunkt, damit Sie ausreichend Bedenkzeit haben und ggf. eine zweite Meinung einholen k\u00f6nnen. <a href=\"https:\/\/www.aesthetik-team-oldenburg.de\/index.php\/leistungen\/\">Hier<\/a> erfahren Sie mehr.<\/p>\n<h3>Arztwahl und Sicherheit<\/h3>\n<p>Eine vertrauensvolle Arzt\/Patienten-Beziehung ist die beste Basis f\u00fcr einen erfolgreichen Eingriff und Ihre nachhaltige Zufriedenheit! Der von Ihnen gew\u00e4hlte Facharzt aus unserem Team begleitet Sie von der Erstberatung bis zur Nachsorge. Selbstverst\u00e4ndlich wird er auch eine besprochene Operation pers\u00f6nlich durchf\u00fchren.<\/p>\n<p>Wir arbeiten seit vielen Jahren zu unserer vollsten Zufriedenheit mit dem An\u00e4sthesie Team Oldenburg zusammen. Alle kooperierenden An\u00e4sthesisten sind erfahrene Fach\u00e4rzte mit unterschiedlichen Schwerpunkten. S\u00e4mtliche medizinische Leistungen werden auf h\u00f6chstem Niveau durchgef\u00fchrt. Die angebotenen Narkoseverfahren und Sicherheitsstandards unterscheiden sich nicht von den Standards in gro\u00dfen modernsten Kliniken.<\/p>\n<p>Werden Sie ambulant in Vollnarkose in der Praxis in Oldenburg operiert, verbleiben Sie nach dem Eingriff bis zu Ihrer Stabilisierung in unserem ansprechenden Aufwachraum. Wir entlassen Sie erst nach Hause, wenn wir dieses medizinisch verantworten k\u00f6nnen und f\u00fcr Ihre h\u00e4usliche Betreuung gesorgt wird.<\/p>\n<p>Nach Ihrer OP (ambulant oder station\u00e4r!) ist Ihr pers\u00f6nlicher Operateur 24 Stunden lang in Rufbereitschaft, also auch bei m\u00f6glichen postoperativen Komplikationen oder Unsicherheiten f\u00fcr Sie da.<\/p>\n<h3>Weitere Leistungen<\/h3>\n<p>Plastische Chirurgie, Handchirurgie, Nervenchirurgie, Rekonstruktive Chirurgie[\/vc_column_text][\/vc_column][\/vc_row]<\/p>\n<\/div>","protected":false},"excerpt":{"rendered":"<p>[vc_row padding_top=&#8220;0&#8243; padding_bottom=&#8220;0&#8243;][vc_column][vc_column_text] Service Beratung Wir behandeln Sie ausschlie\u00dflich nach unverbindlicher Beratung und kl\u00e4ren Sie vollumf\u00e4nglich sowohl \u00fcber die Chancen eines Eingriffs als auch \u00fcber m\u00f6gliche Risiken auf. \u00a0Ein unverbindliches Beratungsgespr\u00e4ch berechnen wir mit einem Honorar in H\u00f6he von 50,00 Euro. Altersbeschr\u00e4nkungen &amp; Ethik Grunds\u00e4tzlich erfolgen plastisch-\u00e4sthetische Eingriffe erst nach Vollendung des 18.\u00a0Lebensjahres, einige erst [&hellip;]<\/p>\n","protected":false},"author":1,"featured_media":0,"parent":0,"menu_order":0,"comment_status":"closed","ping_status":"closed","template":"","meta":{"footnotes":""},"class_list":["post-166","page","type-page","status-publish","hentry"],"yoast_head":"<!-- This site is optimized with the Yoast SEO plugin v27.2 - https:\/\/yoast.com\/product\/yoast-seo-wordpress\/ -->\n<title>Weitere Serviceleistungen - AESTHETIK TEAM OLDENBURG<\/title>\n<meta name=\"description\" content=\"\u00c4sthetische Chirurgie. Unverbindliche Beratung. Optimierung und Harmonisierung nat\u00fcrlicher Sch\u00f6nheit bei bester Gesundheit.\" \/>\n<meta name=\"robots\" content=\"index, follow, max-snippet:-1, max-image-preview:large, max-video-preview:-1\" \/>\n<link rel=\"canonical\" href=\"https:\/\/www.aesthetik-team-oldenburg.de\/index.php\/weitere-serviceleistungen\/\" \/>\n<meta property=\"og:locale\" content=\"de_DE\" \/>\n<meta property=\"og:type\" content=\"article\" \/>\n<meta property=\"og:title\" content=\"Weitere Serviceleistungen - AESTHETIK TEAM OLDENBURG\" \/>\n<meta property=\"og:description\" content=\"\u00c4sthetische Chirurgie. Unverbindliche Beratung. Optimierung und Harmonisierung nat\u00fcrlicher Sch\u00f6nheit bei bester Gesundheit.\" \/>\n<meta property=\"og:url\" content=\"https:\/\/www.aesthetik-team-oldenburg.de\/index.php\/weitere-serviceleistungen\/\" \/>\n<meta property=\"og:site_name\" content=\"AESTHETIK TEAM OLDENBURG\" \/>\n<meta property=\"article:modified_time\" content=\"2022-01-20T12:31:42+00:00\" \/>\n<meta name=\"twitter:card\" content=\"summary_large_image\" \/>\n<meta name=\"twitter:label1\" content=\"Gesch\u00e4tzte Lesezeit\" \/>\n\t<meta name=\"twitter:data1\" content=\"2\u00a0Minuten\" \/>\n<script type=\"application\/ld+json\" class=\"yoast-schema-graph\">{\"@context\":\"https:\/\/schema.org\",\"@graph\":[{\"@type\":\"WebPage\",\"@id\":\"https:\/\/www.aesthetik-team-oldenburg.de\/index.php\/weitere-serviceleistungen\/\",\"url\":\"https:\/\/www.aesthetik-team-oldenburg.de\/index.php\/weitere-serviceleistungen\/\",\"name\":\"Weitere Serviceleistungen - AESTHETIK TEAM OLDENBURG\",\"isPartOf\":{\"@id\":\"https:\/\/www.aesthetik-team-oldenburg.de\/#website\"},\"datePublished\":\"2019-09-06T12:05:29+00:00\",\"dateModified\":\"2022-01-20T12:31:42+00:00\",\"description\":\"\u00c4sthetische Chirurgie. Unverbindliche Beratung. Optimierung und Harmonisierung nat\u00fcrlicher Sch\u00f6nheit bei bester Gesundheit.\",\"breadcrumb\":{\"@id\":\"https:\/\/www.aesthetik-team-oldenburg.de\/index.php\/weitere-serviceleistungen\/#breadcrumb\"},\"inLanguage\":\"de\",\"potentialAction\":[{\"@type\":\"ReadAction\",\"target\":[\"https:\/\/www.aesthetik-team-oldenburg.de\/index.php\/weitere-serviceleistungen\/\"]}]},{\"@type\":\"BreadcrumbList\",\"@id\":\"https:\/\/www.aesthetik-team-oldenburg.de\/index.php\/weitere-serviceleistungen\/#breadcrumb\",\"itemListElement\":[{\"@type\":\"ListItem\",\"position\":1,\"name\":\"Home\",\"item\":\"https:\/\/www.aesthetik-team-oldenburg.de\/\"},{\"@type\":\"ListItem\",\"position\":2,\"name\":\"Weitere Serviceleistungen\"}]},{\"@type\":\"WebSite\",\"@id\":\"https:\/\/www.aesthetik-team-oldenburg.de\/#website\",\"url\":\"https:\/\/www.aesthetik-team-oldenburg.de\/\",\"name\":\"AESTHETIK TEAM OLDENBURG\",\"description\":\"\u00c4STHETISCHE CHIRURIGE\",\"potentialAction\":[{\"@type\":\"SearchAction\",\"target\":{\"@type\":\"EntryPoint\",\"urlTemplate\":\"https:\/\/www.aesthetik-team-oldenburg.de\/?s={search_term_string}\"},\"query-input\":{\"@type\":\"PropertyValueSpecification\",\"valueRequired\":true,\"valueName\":\"search_term_string\"}}],\"inLanguage\":\"de\"}]}<\/script>\n<!-- \/ Yoast SEO plugin. -->","yoast_head_json":{"title":"Weitere Serviceleistungen - AESTHETIK TEAM OLDENBURG","description":"\u00c4sthetische Chirurgie. Unverbindliche Beratung. Optimierung und Harmonisierung nat\u00fcrlicher Sch\u00f6nheit bei bester Gesundheit.","robots":{"index":"index","follow":"follow","max-snippet":"max-snippet:-1","max-image-preview":"max-image-preview:large","max-video-preview":"max-video-preview:-1"},"canonical":"https:\/\/www.aesthetik-team-oldenburg.de\/index.php\/weitere-serviceleistungen\/","og_locale":"de_DE","og_type":"article","og_title":"Weitere Serviceleistungen - AESTHETIK TEAM OLDENBURG","og_description":"\u00c4sthetische Chirurgie. Unverbindliche Beratung. Optimierung und Harmonisierung nat\u00fcrlicher Sch\u00f6nheit bei bester Gesundheit.","og_url":"https:\/\/www.aesthetik-team-oldenburg.de\/index.php\/weitere-serviceleistungen\/","og_site_name":"AESTHETIK TEAM OLDENBURG","article_modified_time":"2022-01-20T12:31:42+00:00","twitter_card":"summary_large_image","twitter_misc":{"Gesch\u00e4tzte Lesezeit":"2\u00a0Minuten"},"schema":{"@context":"https:\/\/schema.org","@graph":[{"@type":"WebPage","@id":"https:\/\/www.aesthetik-team-oldenburg.de\/index.php\/weitere-serviceleistungen\/","url":"https:\/\/www.aesthetik-team-oldenburg.de\/index.php\/weitere-serviceleistungen\/","name":"Weitere Serviceleistungen - AESTHETIK TEAM OLDENBURG","isPartOf":{"@id":"https:\/\/www.aesthetik-team-oldenburg.de\/#website"},"datePublished":"2019-09-06T12:05:29+00:00","dateModified":"2022-01-20T12:31:42+00:00","description":"\u00c4sthetische Chirurgie. Unverbindliche Beratung. Optimierung und Harmonisierung nat\u00fcrlicher Sch\u00f6nheit bei bester Gesundheit.","breadcrumb":{"@id":"https:\/\/www.aesthetik-team-oldenburg.de\/index.php\/weitere-serviceleistungen\/#breadcrumb"},"inLanguage":"de","potentialAction":[{"@type":"ReadAction","target":["https:\/\/www.aesthetik-team-oldenburg.de\/index.php\/weitere-serviceleistungen\/"]}]},{"@type":"BreadcrumbList","@id":"https:\/\/www.aesthetik-team-oldenburg.de\/index.php\/weitere-serviceleistungen\/#breadcrumb","itemListElement":[{"@type":"ListItem","position":1,"name":"Home","item":"https:\/\/www.aesthetik-team-oldenburg.de\/"},{"@type":"ListItem","position":2,"name":"Weitere Serviceleistungen"}]},{"@type":"WebSite","@id":"https:\/\/www.aesthetik-team-oldenburg.de\/#website","url":"https:\/\/www.aesthetik-team-oldenburg.de\/","name":"AESTHETIK TEAM OLDENBURG","description":"\u00c4STHETISCHE CHIRURIGE","potentialAction":[{"@type":"SearchAction","target":{"@type":"EntryPoint","urlTemplate":"https:\/\/www.aesthetik-team-oldenburg.de\/?s={search_term_string}"},"query-input":{"@type":"PropertyValueSpecification","valueRequired":true,"valueName":"search_term_string"}}],"inLanguage":"de"}]}},"_links":{"self":[{"href":"https:\/\/www.aesthetik-team-oldenburg.de\/index.php\/wp-json\/wp\/v2\/pages\/166","targetHints":{"allow":["GET"]}}],"collection":[{"href":"https:\/\/www.aesthetik-team-oldenburg.de\/index.php\/wp-json\/wp\/v2\/pages"}],"about":[{"href":"https:\/\/www.aesthetik-team-oldenburg.de\/index.php\/wp-json\/wp\/v2\/types\/page"}],"author":[{"embeddable":true,"href":"https:\/\/www.aesthetik-team-oldenburg.de\/index.php\/wp-json\/wp\/v2\/users\/1"}],"replies":[{"embeddable":true,"href":"https:\/\/www.aesthetik-team-oldenburg.de\/index.php\/wp-json\/wp\/v2\/comments?post=166"}],"version-history":[{"count":5,"href":"https:\/\/www.aesthetik-team-oldenburg.de\/index.php\/wp-json\/wp\/v2\/pages\/166\/revisions"}],"predecessor-version":[{"id":524,"href":"https:\/\/www.aesthetik-team-oldenburg.de\/index.php\/wp-json\/wp\/v2\/pages\/166\/revisions\/524"}],"wp:attachment":[{"href":"https:\/\/www.aesthetik-team-oldenburg.de\/index.php\/wp-json\/wp\/v2\/media?parent=166"}],"curies":[{"name":"wp","href":"https:\/\/api.w.org\/{rel}","templated":true}]}}