{"id":180,"date":"2019-09-06T12:11:51","date_gmt":"2019-09-06T12:11:51","guid":{"rendered":"http:\/\/www.aesthetik-team-oldenburg.de\/?page_id=180"},"modified":"2025-05-16T10:43:32","modified_gmt":"2025-05-16T10:43:32","slug":"impressum","status":"publish","type":"page","link":"https:\/\/www.aesthetik-team-oldenburg.de\/index.php\/impressum\/","title":{"rendered":"Impressum"},"content":{"rendered":"<div class=\"wpb-content-wrapper\"><p>[vc_row][vc_column][vc_column_text css=&#8220;&#8220;]<\/p>\n<h1>Impressum<\/h1>\n<p>Aesthetik Team Oldenburg \u2013\u00a0Berufsaus\u00fcbungsgemeinschaft<\/p>\n<p>Dr. med. Andreas Settje, Dr. med. Thomas Wermter, Dr. med. Mike R\u00fcttermann<\/p>\n<p>Poststra\u00dfe 1<br \/>\nKaiserliche Post<br \/>\n26122 Oldenburg<\/p>\n<h2>Kontakt:<\/h2>\n<p>Telefon:\u00a00441 99843414<br \/>\nTelefax: 0441 4086856<br \/>\nE-Mail:\u00a0<a href=\"mailto:info@aesthetik-team-oldenburg.de\">info@aesthetik-team-oldenburg.de<\/a><\/p>\n<h2>Umsatzsteuer:<\/h2>\n<p>Umsatzsteuer-Identifikationsnummer gem\u00e4\u00df \u00a727 a Umsatzsteuergesetz:<br \/>\nDE262119209<\/p>\n<h2>Aufsichtsbeh\u00f6rde f\u00fcr alle \u00c4rzte:<\/h2>\n<p>\u00c4rztekammer Niedersachen<br \/>\nBerliner Allee 20<br \/>\n30003 Hannover<br \/>\n<a href=\"http:\/\/www.aekn.de\/\" target=\"_blank\" rel=\"noopener noreferrer\">www.aekn.de<\/a><\/p>\n<h2>Zust\u00e4ndige kassen\u00e4rztliche Vereinigung f\u00fcr alle \u00c4rzte:<\/h2>\n<p>Kassen\u00e4rztliche Vereinigung Niedersachsen \u2013 KVN<br \/>\nK\u00f6rperschaft des \u00f6ffentlichen Rechts<br \/>\nBerliner Allee 22, 30175 Hannover<br \/>\n<a href=\"http:\/\/www.kvn.de\/\" target=\"_blank\" rel=\"noopener noreferrer\">www.kvn.de<\/a><\/p>\n<h2>Es gelten folgende berufsrechtliche Regelungen:<\/h2>\n<p>Berufsordnung der \u00c4rztekammer Niedersachsen<br \/>\nHeilberufegesetz des Landes Niedersachsen<br \/>\nKammergesetz f\u00fcr Heilberufe des Landes Niedersachsen<\/p>\n<p>Die berufsrechtlichen Regelungen k\u00f6nnen\u00a0<a href=\"https:\/\/www.aekn.de\/arztspezial\/arzt-und-recht\/?L=0\" target=\"_blank\" rel=\"noopener noreferrer\">hier<\/a>\u00a0eingesehen werden.<\/p>\n<h2>Verantwortlich f\u00fcr den Inhalt nach \u00a7 55 Abs. 2 RStV:<\/h2>\n<p>Dr. med. Thomas Wermter<br \/>\nAesthetik Team Oldenburg<br \/>\n26122 Oldenburg<\/p>\n<h2>Streitschlichtung:<\/h2>\n<p>Die Europ\u00e4ische Kommission stellt eine Plattform zur Online-Streitbeilegung (OS) bereit:\u00a0<a href=\"https:\/\/ec.europa.eu\/consumers\/odr\" target=\"_blank\" rel=\"noopener noreferrer\">https:\/\/ec.europa.eu\/consumers\/odr<\/a>.<br \/>\nUnsere E-Mail-Adresse finden Sie oben im Impressum.<\/p>\n<p>Wir sind nicht bereit oder verpflichtet, an Streitbeilegungsverfahren vor einer Verbraucherschlichtungsstelle teilzunehmen.<\/p>\n<h2>Pflichtangaben der einzelnen \u00c4rzte:<\/h2>\n<h4>DR. MED. ANDREAS SETTJE<\/h4>\n<p>Facharzt f\u00fcr Plastische und \u00c4sthetische Chirurgie<br \/>\nHandchirurg (Zusatzbezeichnung)<br \/>\nFacharzt f\u00fcr Chirurgie<\/p>\n<p><strong>Berufsbezeichnung:<br \/>\n<\/strong>Arzt (verliehen in der Bundesrepublik Deutschland, Approbation 1988)<\/p>\n<p><strong>Angaben zur Berufshaftpflichtversicherung:<br \/>\n<\/strong>Name und Sitz des Versicherers:<strong><br \/>\n<\/strong>Generali Versicherung AG<strong><br \/>\n<\/strong>Adenauerring 7<strong><br \/>\n<\/strong>81737 M\u00fcnchen<\/p>\n<h4>DR. MED. THOMAS WERMTER<\/h4>\n<p>Facharzt f\u00fcr Plastische und \u00c4sthetische Chirurgie<br \/>\nHandchirurg (Zusatzbezeichnung)<\/p>\n<p><strong>Berufsbezeichnung:<br \/>\n<\/strong>Arzt (verliehen in der Bundesrepublik Deutschland, Approbation 1997)<\/p>\n<p><strong>Angaben zur Berufshaftpflichtversicherung:<br \/>\n<\/strong>Name und Sitz des Versicherers:<strong><br \/>\n<\/strong>Generali Versicherung AG<strong><br \/>\n<\/strong>Adenauerring 7<strong><br \/>\n<\/strong>81737 M\u00fcnchen<\/p>\n<p><strong>Angaben zur Berufshaftpflichtversicherung:<br \/>\n<\/strong>Name und Sitz des Versicherers:<strong><br \/>\n<\/strong>Generali Versicherung AG<strong><br \/>\n<\/strong>Adenauerring 7<strong><br \/>\n<\/strong>81737 M\u00fcnchen<\/p>\n<h4>DR. MED. MIKE R\u00dcTTERMANN<\/h4>\n<p>Facharzt f\u00fcr Plastische und \u00c4sthetische Chirurgie<br \/>\nHandchirurg (Zusatzbezeichnung)<\/p>\n<p><strong>Berufsbezeichnung:<br \/>\n<\/strong>Arzt (verliehen in der Bundesrepublik Deutschland, Approbation 1999)<\/p>\n<p><strong>Angaben zur Berufshaftpflichtversicherung:<br \/>\n<\/strong>Name und Sitz des Versicherers:<strong><br \/>\n<\/strong>Generali Versicherung AG<strong><br \/>\n<\/strong>Adenauerring 7<strong><br \/>\n<\/strong>81737 M\u00fcnchen<\/p>\n<h2>Fotos, Texte, Webdesign:<\/h2>\n<p><strong>Das Werbekonzept, Texte und Pressearbeit:<\/strong><\/p>\n<p>B\u00fcro Petra Beier<br \/>\n<a href=\"http:\/\/www.wir-buchstabieren-erfolge.de\/\" target=\"_blank\" rel=\"noopener noreferrer\">www.wir-buchstabieren-erfolge.de<\/a><\/p>\n<p><strong>Gestaltung:<\/strong><\/p>\n<p>Laura Dopp \u2013 Touchi \u2013 Werbung, die ber\u00fchrt!<br \/>\n<a href=\"http:\/\/www.touchi-werbung.de\">www.touchi-werbung.de<\/a><\/p>\n<p><strong>Fotos:<br \/>\n<\/strong><a href=\"http:\/\/www.volkerkunkel.de\/\">Volker Kunkel<br \/>\n<\/a>Andreas Settje<br \/>\nFoto Ventura<br \/>\n\u00a9 Poprotskiy Alexey\/adobestock.com<br \/>\n\u00a9 Jeanette Dietl\/adobestock.com<br \/>\n\u00a9 Thaut Images\/adobestock.com[\/vc_column_text][\/vc_column][\/vc_row]<\/p>\n<\/div>","protected":false},"excerpt":{"rendered":"<p>[vc_row][vc_column][vc_column_text css=&#8220;&#8220;] Impressum Aesthetik Team Oldenburg \u2013\u00a0Berufsaus\u00fcbungsgemeinschaft Dr. med. Andreas Settje, Dr. med. Thomas Wermter, Dr. med. Mike R\u00fcttermann Poststra\u00dfe 1 Kaiserliche Post 26122 Oldenburg Kontakt: Telefon:\u00a00441 99843414 Telefax: 0441 4086856 E-Mail:\u00a0info@aesthetik-team-oldenburg.de Umsatzsteuer: Umsatzsteuer-Identifikationsnummer gem\u00e4\u00df \u00a727 a Umsatzsteuergesetz: DE262119209 Aufsichtsbeh\u00f6rde f\u00fcr alle \u00c4rzte: \u00c4rztekammer Niedersachen Berliner Allee 20 30003 Hannover www.aekn.de Zust\u00e4ndige kassen\u00e4rztliche Vereinigung f\u00fcr [&hellip;]<\/p>\n","protected":false},"author":1,"featured_media":0,"parent":0,"menu_order":0,"comment_status":"closed","ping_status":"closed","template":"","meta":{"footnotes":""},"class_list":["post-180","page","type-page","status-publish","hentry"],"yoast_head":"<!-- This site is optimized with the Yoast SEO plugin v27.4 - https:\/\/yoast.com\/product\/yoast-seo-wordpress\/ -->\n<title>Impressum - AESTHETIK TEAM OLDENBURG<\/title>\n<meta name=\"description\" content=\"Praxis f\u00fcr Plastische und \u00c4sthetische Chirurgie im Herzen der Oldenburger Innenstadt. Kaiserliche Post. Top Erreichbarkeit.\" \/>\n<meta name=\"robots\" content=\"index, follow, max-snippet:-1, max-image-preview:large, max-video-preview:-1\" \/>\n<link rel=\"canonical\" href=\"https:\/\/www.aesthetik-team-oldenburg.de\/index.php\/impressum\/\" \/>\n<meta property=\"og:locale\" content=\"de_DE\" \/>\n<meta property=\"og:type\" content=\"article\" \/>\n<meta property=\"og:title\" content=\"Impressum - AESTHETIK TEAM OLDENBURG\" \/>\n<meta property=\"og:description\" content=\"Praxis f\u00fcr Plastische und \u00c4sthetische Chirurgie im Herzen der Oldenburger Innenstadt. Kaiserliche Post. Top Erreichbarkeit.\" \/>\n<meta property=\"og:url\" content=\"https:\/\/www.aesthetik-team-oldenburg.de\/index.php\/impressum\/\" \/>\n<meta property=\"og:site_name\" content=\"AESTHETIK TEAM OLDENBURG\" \/>\n<meta property=\"article:modified_time\" content=\"2025-05-16T10:43:32+00:00\" \/>\n<meta name=\"twitter:card\" content=\"summary_large_image\" \/>\n<meta name=\"twitter:label1\" content=\"Gesch\u00e4tzte Lesezeit\" \/>\n\t<meta name=\"twitter:data1\" content=\"2\u00a0Minuten\" \/>\n<script type=\"application\/ld+json\" class=\"yoast-schema-graph\">{\"@context\":\"https:\\\/\\\/schema.org\",\"@graph\":[{\"@type\":\"WebPage\",\"@id\":\"https:\\\/\\\/www.aesthetik-team-oldenburg.de\\\/index.php\\\/impressum\\\/\",\"url\":\"https:\\\/\\\/www.aesthetik-team-oldenburg.de\\\/index.php\\\/impressum\\\/\",\"name\":\"Impressum - AESTHETIK TEAM OLDENBURG\",\"isPartOf\":{\"@id\":\"https:\\\/\\\/www.aesthetik-team-oldenburg.de\\\/#website\"},\"datePublished\":\"2019-09-06T12:11:51+00:00\",\"dateModified\":\"2025-05-16T10:43:32+00:00\",\"description\":\"Praxis f\u00fcr Plastische und \u00c4sthetische Chirurgie im Herzen der Oldenburger Innenstadt. Kaiserliche Post. Top Erreichbarkeit.\",\"breadcrumb\":{\"@id\":\"https:\\\/\\\/www.aesthetik-team-oldenburg.de\\\/index.php\\\/impressum\\\/#breadcrumb\"},\"inLanguage\":\"de\",\"potentialAction\":[{\"@type\":\"ReadAction\",\"target\":[\"https:\\\/\\\/www.aesthetik-team-oldenburg.de\\\/index.php\\\/impressum\\\/\"]}]},{\"@type\":\"BreadcrumbList\",\"@id\":\"https:\\\/\\\/www.aesthetik-team-oldenburg.de\\\/index.php\\\/impressum\\\/#breadcrumb\",\"itemListElement\":[{\"@type\":\"ListItem\",\"position\":1,\"name\":\"Home\",\"item\":\"https:\\\/\\\/www.aesthetik-team-oldenburg.de\\\/\"},{\"@type\":\"ListItem\",\"position\":2,\"name\":\"Impressum\"}]},{\"@type\":\"WebSite\",\"@id\":\"https:\\\/\\\/www.aesthetik-team-oldenburg.de\\\/#website\",\"url\":\"https:\\\/\\\/www.aesthetik-team-oldenburg.de\\\/\",\"name\":\"AESTHETIK TEAM OLDENBURG\",\"description\":\"\u00c4STHETISCHE CHIRURIGE\",\"potentialAction\":[{\"@type\":\"SearchAction\",\"target\":{\"@type\":\"EntryPoint\",\"urlTemplate\":\"https:\\\/\\\/www.aesthetik-team-oldenburg.de\\\/?s={search_term_string}\"},\"query-input\":{\"@type\":\"PropertyValueSpecification\",\"valueRequired\":true,\"valueName\":\"search_term_string\"}}],\"inLanguage\":\"de\"}]}<\/script>\n<!-- \/ Yoast SEO plugin. -->","yoast_head_json":{"title":"Impressum - AESTHETIK TEAM OLDENBURG","description":"Praxis f\u00fcr Plastische und \u00c4sthetische Chirurgie im Herzen der Oldenburger Innenstadt. Kaiserliche Post. Top Erreichbarkeit.","robots":{"index":"index","follow":"follow","max-snippet":"max-snippet:-1","max-image-preview":"max-image-preview:large","max-video-preview":"max-video-preview:-1"},"canonical":"https:\/\/www.aesthetik-team-oldenburg.de\/index.php\/impressum\/","og_locale":"de_DE","og_type":"article","og_title":"Impressum - AESTHETIK TEAM OLDENBURG","og_description":"Praxis f\u00fcr Plastische und \u00c4sthetische Chirurgie im Herzen der Oldenburger Innenstadt. Kaiserliche Post. Top Erreichbarkeit.","og_url":"https:\/\/www.aesthetik-team-oldenburg.de\/index.php\/impressum\/","og_site_name":"AESTHETIK TEAM OLDENBURG","article_modified_time":"2025-05-16T10:43:32+00:00","twitter_card":"summary_large_image","twitter_misc":{"Gesch\u00e4tzte Lesezeit":"2\u00a0Minuten"},"schema":{"@context":"https:\/\/schema.org","@graph":[{"@type":"WebPage","@id":"https:\/\/www.aesthetik-team-oldenburg.de\/index.php\/impressum\/","url":"https:\/\/www.aesthetik-team-oldenburg.de\/index.php\/impressum\/","name":"Impressum - AESTHETIK TEAM OLDENBURG","isPartOf":{"@id":"https:\/\/www.aesthetik-team-oldenburg.de\/#website"},"datePublished":"2019-09-06T12:11:51+00:00","dateModified":"2025-05-16T10:43:32+00:00","description":"Praxis f\u00fcr Plastische und \u00c4sthetische Chirurgie im Herzen der Oldenburger Innenstadt. Kaiserliche Post. Top Erreichbarkeit.","breadcrumb":{"@id":"https:\/\/www.aesthetik-team-oldenburg.de\/index.php\/impressum\/#breadcrumb"},"inLanguage":"de","potentialAction":[{"@type":"ReadAction","target":["https:\/\/www.aesthetik-team-oldenburg.de\/index.php\/impressum\/"]}]},{"@type":"BreadcrumbList","@id":"https:\/\/www.aesthetik-team-oldenburg.de\/index.php\/impressum\/#breadcrumb","itemListElement":[{"@type":"ListItem","position":1,"name":"Home","item":"https:\/\/www.aesthetik-team-oldenburg.de\/"},{"@type":"ListItem","position":2,"name":"Impressum"}]},{"@type":"WebSite","@id":"https:\/\/www.aesthetik-team-oldenburg.de\/#website","url":"https:\/\/www.aesthetik-team-oldenburg.de\/","name":"AESTHETIK TEAM OLDENBURG","description":"\u00c4STHETISCHE CHIRURIGE","potentialAction":[{"@type":"SearchAction","target":{"@type":"EntryPoint","urlTemplate":"https:\/\/www.aesthetik-team-oldenburg.de\/?s={search_term_string}"},"query-input":{"@type":"PropertyValueSpecification","valueRequired":true,"valueName":"search_term_string"}}],"inLanguage":"de"}]}},"_links":{"self":[{"href":"https:\/\/www.aesthetik-team-oldenburg.de\/index.php\/wp-json\/wp\/v2\/pages\/180","targetHints":{"allow":["GET"]}}],"collection":[{"href":"https:\/\/www.aesthetik-team-oldenburg.de\/index.php\/wp-json\/wp\/v2\/pages"}],"about":[{"href":"https:\/\/www.aesthetik-team-oldenburg.de\/index.php\/wp-json\/wp\/v2\/types\/page"}],"author":[{"embeddable":true,"href":"https:\/\/www.aesthetik-team-oldenburg.de\/index.php\/wp-json\/wp\/v2\/users\/1"}],"replies":[{"embeddable":true,"href":"https:\/\/www.aesthetik-team-oldenburg.de\/index.php\/wp-json\/wp\/v2\/comments?post=180"}],"version-history":[{"count":9,"href":"https:\/\/www.aesthetik-team-oldenburg.de\/index.php\/wp-json\/wp\/v2\/pages\/180\/revisions"}],"predecessor-version":[{"id":741,"href":"https:\/\/www.aesthetik-team-oldenburg.de\/index.php\/wp-json\/wp\/v2\/pages\/180\/revisions\/741"}],"wp:attachment":[{"href":"https:\/\/www.aesthetik-team-oldenburg.de\/index.php\/wp-json\/wp\/v2\/media?parent=180"}],"curies":[{"name":"wp","href":"https:\/\/api.w.org\/{rel}","templated":true}]}}