{"id":528,"date":"2022-02-16T09:31:03","date_gmt":"2022-02-16T09:31:03","guid":{"rendered":"https:\/\/www.aesthetik-team-oldenburg.de\/?page_id=528"},"modified":"2023-11-08T13:57:11","modified_gmt":"2023-11-08T13:57:11","slug":"onlineterminvereinbarung","status":"publish","type":"page","link":"https:\/\/www.aesthetik-team-oldenburg.de\/index.php\/onlineterminvereinbarung\/","title":{"rendered":"Onlineterminvereinbarung"},"content":{"rendered":"<div class=\"wpb-content-wrapper\"><p>[vc_row padding_bottom=&#8220;60&#8243; padding_top=&#8220;60&#8243;][vc_column width=&#8220;1\/2&#8243;][vc_column_text]<\/p>\n<h1>Terminvereinbarung<\/h1>\n<p>Sehr geehrte Patientinnen und Patienten,<\/p>\n<p>\u00fcber unsere Onlineterminvereinbarung k\u00f6nnen Sie Termine f\u00fcr Erstberatungen und auch f\u00fcr ausgew\u00e4hlte Behandlungen in unseren Praxisr\u00e4umen in der Kaiserlichen Post in Oldenburg buchen.<\/p>\n<p>Ihr Termin kann nicht warten? Wenn es sehr schnell gehen soll, melden Sie sich gerne auch telefonisch bei uns. Wir versuchen dann, Ihren Wunsch so kurzfristig wie m\u00f6glich zu erf\u00fcllen.<\/p>\n<p>Auch Patienten, die bei gesetzlichen Krankenkassen versichert sind, k\u00f6nnen ohne \u00dcberweisung zur Diagnosestellung in unsere Praxis kommen. Sie zahlen f\u00fcr die Erstberatung\/Untersuchung 40,- Euro. Ergibt die Diagnose, dass eine OP erforderlich ist, beraten wir Sie gerne \u00fcber weitere Schritte. Diese k\u00f6nnen ggf. \u00fcber die gesetzlichen Krankenkassen abgerechnet werden.<\/p>\n<p>Bitte geben Sie zus\u00e4tzliche Informationen, die Ihnen wichtig f\u00fcr die Terminvereinbarung erscheinen, im Feld \u201eNotizen f\u00fcr die Praxis\u201c ein.<\/p>\n<p><strong>Gerne k\u00f6nnen Sie uns zur Terminvereinbarung auch weiterhin telefonisch erreichen (Tel. 0441 99843414).<\/strong>[\/vc_column_text]<div class=\"grve-element grve-align-left\"><a href=\"https:\/\/webtermin.medatixx.de\/#\/40704b43-00bf-4297-b36e-96fe33766740\/search\" target=\"_blank\" class=\"grve-btn grve-btn-medium grve-square grve-bg-primary-1 grve-bg-hover-black\"><span>Jetzt Termin buchen!<\/span><\/a><\/div>[\/vc_column][vc_column width=&#8220;1\/2&#8243;]<div class=\"grve-element grve-image grve-align-center\" style=\"\"><img loading=\"lazy\" decoding=\"async\" width=\"1024\" height=\"565\" src=\"https:\/\/www.aesthetik-team-oldenburg.de\/wp-content\/uploads\/2019\/09\/Kaiserliche-Post-1024x565.jpg\" class=\"attachment-full size-full\" alt=\"\" srcset=\"https:\/\/www.aesthetik-team-oldenburg.de\/wp-content\/uploads\/2019\/09\/Kaiserliche-Post-1024x565.jpg 1024w, https:\/\/www.aesthetik-team-oldenburg.de\/wp-content\/uploads\/2019\/09\/Kaiserliche-Post-1024x565-300x166.jpg 300w, https:\/\/www.aesthetik-team-oldenburg.de\/wp-content\/uploads\/2019\/09\/Kaiserliche-Post-1024x565-768x424.jpg 768w\" sizes=\"auto, (max-width: 1024px) 100vw, 1024px\" \/><\/div>[\/vc_column][\/vc_row]<\/p>\n<\/div>","protected":false},"excerpt":{"rendered":"<p>[vc_row padding_bottom=&#8220;60&#8243; padding_top=&#8220;60&#8243;][vc_column width=&#8220;1\/2&#8243;][vc_column_text] Terminvereinbarung Sehr geehrte Patientinnen und Patienten, \u00fcber unsere Onlineterminvereinbarung k\u00f6nnen Sie Termine f\u00fcr Erstberatungen und auch f\u00fcr ausgew\u00e4hlte Behandlungen in unseren Praxisr\u00e4umen in der Kaiserlichen Post in Oldenburg buchen. Ihr Termin kann nicht warten? Wenn es sehr schnell gehen soll, melden Sie sich gerne auch telefonisch bei uns. Wir versuchen dann, [&hellip;]<\/p>\n","protected":false},"author":1,"featured_media":0,"parent":0,"menu_order":0,"comment_status":"closed","ping_status":"closed","template":"","meta":{"footnotes":""},"class_list":["post-528","page","type-page","status-publish","hentry"],"yoast_head":"<!-- This site is optimized with the Yoast SEO plugin v27.4 - https:\/\/yoast.com\/product\/yoast-seo-wordpress\/ -->\n<title>Onlineterminvereinbarung - AESTHETIK TEAM OLDENBURG<\/title>\n<meta name=\"description\" content=\"Aesthetik Team Oldenburg. Beratungsgespr\u00e4che und Eingriffe von erfahrenem Facharzt-Team. Zeitnah. Individuelle Terminvereinbarung.\" \/>\n<meta name=\"robots\" content=\"index, follow, max-snippet:-1, max-image-preview:large, max-video-preview:-1\" \/>\n<link rel=\"canonical\" href=\"https:\/\/www.aesthetik-team-oldenburg.de\/index.php\/onlineterminvereinbarung\/\" \/>\n<meta property=\"og:locale\" content=\"de_DE\" \/>\n<meta property=\"og:type\" content=\"article\" \/>\n<meta property=\"og:title\" content=\"Onlineterminvereinbarung - AESTHETIK TEAM OLDENBURG\" \/>\n<meta property=\"og:description\" content=\"Aesthetik Team Oldenburg. Beratungsgespr\u00e4che und Eingriffe von erfahrenem Facharzt-Team. Zeitnah. Individuelle Terminvereinbarung.\" \/>\n<meta property=\"og:url\" content=\"https:\/\/www.aesthetik-team-oldenburg.de\/index.php\/onlineterminvereinbarung\/\" \/>\n<meta property=\"og:site_name\" content=\"AESTHETIK TEAM OLDENBURG\" \/>\n<meta property=\"article:modified_time\" content=\"2023-11-08T13:57:11+00:00\" \/>\n<meta name=\"twitter:card\" content=\"summary_large_image\" \/>\n<meta name=\"twitter:label1\" content=\"Gesch\u00e4tzte Lesezeit\" \/>\n\t<meta name=\"twitter:data1\" content=\"1\u00a0Minute\" \/>\n<script type=\"application\/ld+json\" class=\"yoast-schema-graph\">{\"@context\":\"https:\\\/\\\/schema.org\",\"@graph\":[{\"@type\":\"WebPage\",\"@id\":\"https:\\\/\\\/www.aesthetik-team-oldenburg.de\\\/index.php\\\/onlineterminvereinbarung\\\/\",\"url\":\"https:\\\/\\\/www.aesthetik-team-oldenburg.de\\\/index.php\\\/onlineterminvereinbarung\\\/\",\"name\":\"Onlineterminvereinbarung - AESTHETIK TEAM OLDENBURG\",\"isPartOf\":{\"@id\":\"https:\\\/\\\/www.aesthetik-team-oldenburg.de\\\/#website\"},\"datePublished\":\"2022-02-16T09:31:03+00:00\",\"dateModified\":\"2023-11-08T13:57:11+00:00\",\"description\":\"Aesthetik Team Oldenburg. Beratungsgespr\u00e4che und Eingriffe von erfahrenem Facharzt-Team. Zeitnah. Individuelle Terminvereinbarung.\",\"breadcrumb\":{\"@id\":\"https:\\\/\\\/www.aesthetik-team-oldenburg.de\\\/index.php\\\/onlineterminvereinbarung\\\/#breadcrumb\"},\"inLanguage\":\"de\",\"potentialAction\":[{\"@type\":\"ReadAction\",\"target\":[\"https:\\\/\\\/www.aesthetik-team-oldenburg.de\\\/index.php\\\/onlineterminvereinbarung\\\/\"]}]},{\"@type\":\"BreadcrumbList\",\"@id\":\"https:\\\/\\\/www.aesthetik-team-oldenburg.de\\\/index.php\\\/onlineterminvereinbarung\\\/#breadcrumb\",\"itemListElement\":[{\"@type\":\"ListItem\",\"position\":1,\"name\":\"Home\",\"item\":\"https:\\\/\\\/www.aesthetik-team-oldenburg.de\\\/\"},{\"@type\":\"ListItem\",\"position\":2,\"name\":\"Onlineterminvereinbarung\"}]},{\"@type\":\"WebSite\",\"@id\":\"https:\\\/\\\/www.aesthetik-team-oldenburg.de\\\/#website\",\"url\":\"https:\\\/\\\/www.aesthetik-team-oldenburg.de\\\/\",\"name\":\"AESTHETIK TEAM OLDENBURG\",\"description\":\"\u00c4STHETISCHE CHIRURIGE\",\"potentialAction\":[{\"@type\":\"SearchAction\",\"target\":{\"@type\":\"EntryPoint\",\"urlTemplate\":\"https:\\\/\\\/www.aesthetik-team-oldenburg.de\\\/?s={search_term_string}\"},\"query-input\":{\"@type\":\"PropertyValueSpecification\",\"valueRequired\":true,\"valueName\":\"search_term_string\"}}],\"inLanguage\":\"de\"}]}<\/script>\n<!-- \/ Yoast SEO plugin. -->","yoast_head_json":{"title":"Onlineterminvereinbarung - AESTHETIK TEAM OLDENBURG","description":"Aesthetik Team Oldenburg. Beratungsgespr\u00e4che und Eingriffe von erfahrenem Facharzt-Team. Zeitnah. Individuelle Terminvereinbarung.","robots":{"index":"index","follow":"follow","max-snippet":"max-snippet:-1","max-image-preview":"max-image-preview:large","max-video-preview":"max-video-preview:-1"},"canonical":"https:\/\/www.aesthetik-team-oldenburg.de\/index.php\/onlineterminvereinbarung\/","og_locale":"de_DE","og_type":"article","og_title":"Onlineterminvereinbarung - AESTHETIK TEAM OLDENBURG","og_description":"Aesthetik Team Oldenburg. Beratungsgespr\u00e4che und Eingriffe von erfahrenem Facharzt-Team. Zeitnah. Individuelle Terminvereinbarung.","og_url":"https:\/\/www.aesthetik-team-oldenburg.de\/index.php\/onlineterminvereinbarung\/","og_site_name":"AESTHETIK TEAM OLDENBURG","article_modified_time":"2023-11-08T13:57:11+00:00","twitter_card":"summary_large_image","twitter_misc":{"Gesch\u00e4tzte Lesezeit":"1\u00a0Minute"},"schema":{"@context":"https:\/\/schema.org","@graph":[{"@type":"WebPage","@id":"https:\/\/www.aesthetik-team-oldenburg.de\/index.php\/onlineterminvereinbarung\/","url":"https:\/\/www.aesthetik-team-oldenburg.de\/index.php\/onlineterminvereinbarung\/","name":"Onlineterminvereinbarung - AESTHETIK TEAM OLDENBURG","isPartOf":{"@id":"https:\/\/www.aesthetik-team-oldenburg.de\/#website"},"datePublished":"2022-02-16T09:31:03+00:00","dateModified":"2023-11-08T13:57:11+00:00","description":"Aesthetik Team Oldenburg. Beratungsgespr\u00e4che und Eingriffe von erfahrenem Facharzt-Team. Zeitnah. Individuelle Terminvereinbarung.","breadcrumb":{"@id":"https:\/\/www.aesthetik-team-oldenburg.de\/index.php\/onlineterminvereinbarung\/#breadcrumb"},"inLanguage":"de","potentialAction":[{"@type":"ReadAction","target":["https:\/\/www.aesthetik-team-oldenburg.de\/index.php\/onlineterminvereinbarung\/"]}]},{"@type":"BreadcrumbList","@id":"https:\/\/www.aesthetik-team-oldenburg.de\/index.php\/onlineterminvereinbarung\/#breadcrumb","itemListElement":[{"@type":"ListItem","position":1,"name":"Home","item":"https:\/\/www.aesthetik-team-oldenburg.de\/"},{"@type":"ListItem","position":2,"name":"Onlineterminvereinbarung"}]},{"@type":"WebSite","@id":"https:\/\/www.aesthetik-team-oldenburg.de\/#website","url":"https:\/\/www.aesthetik-team-oldenburg.de\/","name":"AESTHETIK TEAM OLDENBURG","description":"\u00c4STHETISCHE CHIRURIGE","potentialAction":[{"@type":"SearchAction","target":{"@type":"EntryPoint","urlTemplate":"https:\/\/www.aesthetik-team-oldenburg.de\/?s={search_term_string}"},"query-input":{"@type":"PropertyValueSpecification","valueRequired":true,"valueName":"search_term_string"}}],"inLanguage":"de"}]}},"_links":{"self":[{"href":"https:\/\/www.aesthetik-team-oldenburg.de\/index.php\/wp-json\/wp\/v2\/pages\/528","targetHints":{"allow":["GET"]}}],"collection":[{"href":"https:\/\/www.aesthetik-team-oldenburg.de\/index.php\/wp-json\/wp\/v2\/pages"}],"about":[{"href":"https:\/\/www.aesthetik-team-oldenburg.de\/index.php\/wp-json\/wp\/v2\/types\/page"}],"author":[{"embeddable":true,"href":"https:\/\/www.aesthetik-team-oldenburg.de\/index.php\/wp-json\/wp\/v2\/users\/1"}],"replies":[{"embeddable":true,"href":"https:\/\/www.aesthetik-team-oldenburg.de\/index.php\/wp-json\/wp\/v2\/comments?post=528"}],"version-history":[{"count":10,"href":"https:\/\/www.aesthetik-team-oldenburg.de\/index.php\/wp-json\/wp\/v2\/pages\/528\/revisions"}],"predecessor-version":[{"id":634,"href":"https:\/\/www.aesthetik-team-oldenburg.de\/index.php\/wp-json\/wp\/v2\/pages\/528\/revisions\/634"}],"wp:attachment":[{"href":"https:\/\/www.aesthetik-team-oldenburg.de\/index.php\/wp-json\/wp\/v2\/media?parent=528"}],"curies":[{"name":"wp","href":"https:\/\/api.w.org\/{rel}","templated":true}]}}